NOAA-Style Climate Reports

Select a Year or Month report
2022: Jan Feb Mar Apr May Jun Jul Aug Sep Oct Nov Dec
2021: Jan Feb Mar Apr May Jun Jul Aug Sep Oct Nov Dec
2020: Jan Feb Mar Apr May Jun Jul Aug Sep Oct Nov Dec
2019: Jan Feb Mar Apr May Jun Jul Aug Sep Oct Nov Dec
2018: Jan Feb Mar Apr May Jun Jul Aug Sep Oct Nov Dec
2017: Jan Feb Mar Apr May Jun Jul Aug Sep Oct Nov Dec
2016: Jan Feb Mar Apr May Jun Jul Aug Sep Oct Nov Dec
2015: Jan Feb Mar Apr May Jun Jul Aug Sep Oct Nov Dec
2014: Jan Feb Mar Apr May Jun Jul Aug Sep Oct Nov Dec
2013: Jan Feb Mar Apr May Jun Jul Aug Sep Oct Nov Dec
2012: Jan Feb Mar Apr May Jun Jul Aug Sep Oct Nov Dec
2011: Jan Feb Mar Apr May Jun Jul Aug Sep Oct Nov Dec
2010: Jan Feb Mar Apr May Jun Jul Aug Sep Oct Nov Dec
2009: Jan Feb Mar Apr May Jun Jul Aug Sep Oct Nov Dec

Report for 2015 June
                  MONTHLY CLIMATOLOGICAL SUMMARY FOR 6/2015
                                        HEAT  COOL        
     MEAN                               DEG   DEG       WIND SPEED       DOM MEAN  MEAN
DAY  TEMP  HIGH   TIME     LOW   TIME   DAYS  DAYS RAIN AVG  HI  TIME    DIR BAROM HUM
---------------------------------------------------------------------------------------
1    50.6  52.3   3:20pm  47.7  11:40pm   14    0  0.68   1  15   4:38pm ENE 30.18   97
2    50.2  53.1   3:38pm  47.7   6:38am   15    0  0.80   1  13   9:43am ENE 30.15   96
3    58.0  71.8   3:48pm  46.6   5:34am    8    1  0.08   1  12   6:32pm  NE 30.20   77
4    60.2  72.4   2:30pm  49.1   3:43am    6    1  0.00   1   7  10:49am  SW 30.25   75
5    64.6  79.1   2:51pm  51.9   5:41am    4    4  0.00   0   9   6:32pm  SW 30.05   71
6    66.4  76.4   2:13pm  58.8   5:02am    2    3  0.00   1  22  12:49pm  NE 29.92   63
7    64.8  76.6   3:27pm  49.9   5:57am    4    3  0.00   1  11   6:38pm SSW 30.13   54
8    66.1  76.4   3:46pm  57.5   1:29am    2    3  0.01   3  19   3:14pm  SW 29.92   74
9    69.9  80.0   3:54pm  63.6  11:56pm    0    5  0.03   1  12   4:19pm  SW 29.68   85
10   72.3  82.9   3:44pm  59.2   5:14am    1    8  0.00   1  16   4:56pm  SW 29.81   68
11   77.1  88.8   4:07pm  67.4   5:50am    0   12  0.00   2  16  11:19am  SW 29.83   69
12   77.7  89.1   2:45pm  66.6   5:51am    0   12  0.00   1  10   4:40pm  SW 29.90   63
13   76.5  83.8   3:30pm  69.7  11:56pm    0   11  0.02   1  19  10:12am  NE 29.88   67
14   74.9  87.0   4:09pm  61.2   5:58am    0   10  0.00   0  10   1:12pm  SW 30.02   65
15   63.7  67.3  12:00am  61.8  11:41pm    1    0  1.41   0   7   7:16am ENE 29.99   95
16   68.3  78.9   4:18pm  59.1   5:22am    2    5  0.08   0  12  11:44pm  SW 29.87   89
17   70.1  77.0   3:44pm  61.2  11:56pm    0    5  0.00   1  14   8:29am  NW 30.07   65
18   66.4  76.8   1:59pm  56.5   5:19am    2    4  0.00   1   9   4:56pm  SW 30.03   75
19   74.1  84.1   3:20pm  64.6   2:12am    0    9  0.03   1  11   1:38am  SW 29.89   71
20   65.8  75.6   1:01pm  59.5   5:37am    1    2  0.07   1  13   3:31pm  NE 30.06   70
21   71.0  84.3   5:12pm  62.9   3:59am    1    7  0.57   1  15   4:03pm WSW 29.73   90
22   76.8  85.4   2:21pm  66.0   5:59am    0   12  0.00   1  16   8:15am WNW 29.89   71
23   76.1  90.7   2:56pm  66.9   5:17am    0   11  0.18   2  21   4:50pm  SW 29.81   83
24   73.1  82.6   3:37pm  63.8   4:48am    0    8  0.00   3  18   7:11am WNW 29.93   65
25   73.6  83.0   3:49pm  59.1   5:38am    1    9  0.51   1  12  12:06pm WSW 29.98   60
26   71.0  78.2   3:06pm  65.1  11:58pm    0    6  0.00   1  15   5:48am  NE 29.97   68
27   64.2  72.2  12:30pm  56.8  11:38pm    2    1  0.32   1  12  11:31pm ENE 30.09   80
28   58.8  61.3   3:37pm  56.5   5:23am    6    0  0.71   1  15   4:34am ENE 29.75   95
29   66.4  77.5   4:08pm  56.8   3:16am    3    4  0.01   1  12  12:07pm WSW 29.83   82
30   72.6  83.5   3:22pm  61.1   3:45am    1    8  0.00   1  11   2:01pm SSW 29.93   71
---------------------------------------------------------------------------------------
TOT  68.0  90.7  6/23/15  46.6   6/3/15   76  166  5.51   1  22   6/6/15  SW 29.96   75

HEAT BASE: 65.0
COOL BASE: 65.0