NOAA-Style Climate Reports

Select a Year or Month report
2022: Jan Feb Mar Apr May Jun Jul Aug Sep Oct Nov Dec
2021: Jan Feb Mar Apr May Jun Jul Aug Sep Oct Nov Dec
2020: Jan Feb Mar Apr May Jun Jul Aug Sep Oct Nov Dec
2019: Jan Feb Mar Apr May Jun Jul Aug Sep Oct Nov Dec
2018: Jan Feb Mar Apr May Jun Jul Aug Sep Oct Nov Dec
2017: Jan Feb Mar Apr May Jun Jul Aug Sep Oct Nov Dec
2016: Jan Feb Mar Apr May Jun Jul Aug Sep Oct Nov Dec
2015: Jan Feb Mar Apr May Jun Jul Aug Sep Oct Nov Dec
2014: Jan Feb Mar Apr May Jun Jul Aug Sep Oct Nov Dec
2013: Jan Feb Mar Apr May Jun Jul Aug Sep Oct Nov Dec
2012: Jan Feb Mar Apr May Jun Jul Aug Sep Oct Nov Dec
2011: Jan Feb Mar Apr May Jun Jul Aug Sep Oct Nov Dec
2010: Jan Feb Mar Apr May Jun Jul Aug Sep Oct Nov Dec
2009: Jan Feb Mar Apr May Jun Jul Aug Sep Oct Nov Dec

Report for 2015 July
                  MONTHLY CLIMATOLOGICAL SUMMARY FOR 7/2015
                                        HEAT  COOL        
     MEAN                               DEG   DEG       WIND SPEED       DOM MEAN  MEAN
DAY  TEMP  HIGH   TIME     LOW   TIME   DAYS  DAYS RAIN AVG  HI  TIME    DIR BAROM HUM
---------------------------------------------------------------------------------------
1    74.2  82.5   4:00pm  67.4   9:05am    0    9  0.26   2  17   2:30pm  NW 29.76   79
2    72.3  79.3   3:30pm  62.6   6:00am    0    8  0.00   1  13  12:30pm   W 29.86   70
3    72.2  82.5   4:00pm  59.7   6:00am    1    8  0.00   1  10  10:30am   W 29.93   56
4    66.8  71.7   5:00pm  61.4  11:30pm    1    2  0.01   0  10   6:00pm NNW 29.96   80
5    72.9  86.0   3:30pm  58.6   4:30am    2   10  0.00   1  10  12:30pm   W 30.06   71
6    75.4  86.7   3:30pm  64.3   6:00am    0   10  0.00   1   7   5:00pm  SW 30.12   76
7    74.3  82.2   4:00pm  69.9   1:00am    0    9  0.97   0  11   2:00pm  SW 30.00   89
8    76.9  86.9   4:12pm  69.5   1:30am    0   12  0.02   1  12   1:15pm   W 29.91   84
9    70.7  76.4   3:20pm  66.0   6:21am    0    6  0.02   1   9   1:28am WSW 29.93   79
10   73.9  83.3   3:53pm  66.3   3:18am    0    9  0.06   2  15  10:44am  NW 29.89   74
11   77.5  88.4   3:37pm  62.7   5:58am    0   12  0.00   1   9  10:40am   W 30.02   61
12   78.1  90.3   2:29pm  65.1   5:26am    0   13  0.00   1   9  12:57pm WSW 29.97   67
13   76.8  87.5   3:04pm  68.3   5:08am    0   12  0.00   0   7   2:56pm  SW 29.87   73
14   74.1  82.8  11:12am  67.0   1:33am    0    9  0.48   0  10   9:29am SSW 29.67   86
15   75.6  84.9   1:06pm  67.2  11:57pm    0   10  0.01   1  16   1:58pm ENE 29.65   82
16   69.2  78.1   4:05pm  59.5   6:12am    1    5  0.00   2  14   6:18am  NE 30.00   60
17   70.8  83.6   3:06pm  56.4   5:46am    2    7  0.00   1  10   1:15pm  SW 30.05   70
18   74.3  82.7   4:05pm  69.2  12:31am    0    9  0.09   1  11   9:31am  SW 29.92   83
19   82.3  91.0  12:49pm  72.8   6:09am    0   17  0.00   1  10   2:50pm  SW 29.78   78
20   84.8  94.6   4:04pm  75.9   6:26am    0   19  0.00   1  11   9:41am WNW 29.66   69
21   76.9  90.1   3:01pm  65.7  11:59pm    0   12  0.98   1  30   7:14pm WSW 29.61   74
22   73.5  83.3   3:30pm  62.1   2:54am    0    9  0.00   2  18   1:40pm   W 29.70   62
23   73.5  83.9   3:53pm  60.1   6:04am    0    9  0.00   1  16   2:55pm WSW 29.86   58
24   73.6  84.9   4:11pm  58.9   6:09am    1    9  0.00   1  10  11:31am  NW 29.90   57
25   72.9  84.4   2:24pm  60.3   5:58am    1    8  0.05   0   6   8:48am ENE 29.97   70
26   74.1  84.1   4:10pm  67.6   3:26am    0    9  0.04   1  12   1:20pm  SW 29.96   80
27   77.1  85.5   3:05pm  69.2   5:17am    0   12  0.00   1  10   2:28pm  SW 29.98   76
28   80.2  91.9   2:07pm  69.2   6:24am    0   15  0.00   1  13   1:22pm   W 29.95   71
29   82.8  95.1   3:23pm  69.6   5:57am    0   18  0.00   1  13   2:37pm   W 29.92   66
30   78.6  89.0   2:05pm  73.2   6:03am    0   13  0.36   1  13   1:27pm  SW 29.83   85
31   78.4  88.4   3:58pm  68.9   6:19am    0   13  0.00   1  15   2:24pm   W 29.79   70
---------------------------------------------------------------------------------------
TOT  75.3  95.1  7/29/15  56.4  7/17/15    7  322  3.35   1  25  7/21/15  SW 29.89   73

HEAT BASE: 65.0
COOL BASE: 65.0