NOAA-Style Climate Reports

Select a Year or Month report
2022: Jan Feb Mar Apr May Jun Jul Aug Sep Oct Nov Dec
2021: Jan Feb Mar Apr May Jun Jul Aug Sep Oct Nov Dec
2020: Jan Feb Mar Apr May Jun Jul Aug Sep Oct Nov Dec
2019: Jan Feb Mar Apr May Jun Jul Aug Sep Oct Nov Dec
2018: Jan Feb Mar Apr May Jun Jul Aug Sep Oct Nov Dec
2017: Jan Feb Mar Apr May Jun Jul Aug Sep Oct Nov Dec
2016: Jan Feb Mar Apr May Jun Jul Aug Sep Oct Nov Dec
2015: Jan Feb Mar Apr May Jun Jul Aug Sep Oct Nov Dec
2014: Jan Feb Mar Apr May Jun Jul Aug Sep Oct Nov Dec
2013: Jan Feb Mar Apr May Jun Jul Aug Sep Oct Nov Dec
2012: Jan Feb Mar Apr May Jun Jul Aug Sep Oct Nov Dec
2011: Jan Feb Mar Apr May Jun Jul Aug Sep Oct Nov Dec
2010: Jan Feb Mar Apr May Jun Jul Aug Sep Oct Nov Dec
2009: Jan Feb Mar Apr May Jun Jul Aug Sep Oct Nov Dec

Report for 2015 October
                  MONTHLY CLIMATOLOGICAL SUMMARY FOR 10/2015
                                        HEAT  COOL        
     MEAN                               DEG   DEG       WIND SPEED       DOM MEAN  MEAN
DAY  TEMP  HIGH   TIME     LOW   TIME   DAYS  DAYS RAIN AVG  HI  TIME    DIR BAROM HUM
---------------------------------------------------------------------------------------
1    57.0  62.3   2:40pm  52.3  11:36pm    8    0  0.09   2  17   5:37am  NE 30.09   79
2    51.0  53.8  11:34am  48.0   8:00pm   14    0  0.18   3  23   6:56am ENE 30.25   82
3    49.8  52.9   5:30pm  46.2   8:16am   15    0  0.07   4  17   1:30am ENE 30.36   84
4    53.8  60.0   2:30pm  47.7  11:59pm   11    0  0.00   4  20  11:36am ENE 30.34   70
5    53.2  64.1   4:07pm  45.8   4:37am   12    0  0.00   1  13   3:15am NNW 30.18   75
6    56.7  70.5   4:36pm  43.9   6:02am    9    1  0.00   1  13   4:40pm   W 29.99   76
7    59.0  69.9   2:04pm  49.2   6:57am    7    1  0.00   1  15   2:10pm WNW 29.96   79
8    58.3  67.8   4:09pm  49.4   7:00am    7    0  0.00   0   9   9:52am WSW 30.09   78
9    62.0  73.0   2:16pm  53.2   3:51am    4    1  0.10   1  16  12:57pm  SW 29.88   88
10   54.7  62.7   3:40pm  45.4  11:58pm   10    0  0.00   2  24   2:23am  NW 30.02   69
11   55.0  69.7   3:32pm  41.9   5:00am   10    1  0.00   1  13   1:43pm  SW 29.91   74
12   60.0  75.9   3:20pm  47.2   7:24am    7    2  0.00   0   6   1:16pm SSW 29.79   77
13   62.0  72.1   1:44pm  53.3   3:03am    4    2  0.01   1  13   5:14pm  SW 29.56   86
14   59.1  67.5   1:35pm  48.4  11:55pm    6    0  0.00   2  16   3:33pm WSW 29.68   74
15   51.9  62.9   3:03pm  43.0   4:47am   13    0  0.00   1  15   9:36am   W 29.92   71
16   54.2  62.1   2:59pm  45.9  11:57pm   11    0  0.01   3  21  11:21am  SW 29.92   68
17   45.9  52.7   1:30pm  38.9  11:59pm   19    0  0.00   2  21  11:24am  NW 30.04   67
18   38.9  45.8   4:01pm  33.7  11:56pm   26    0  0.00   2  21   1:22pm  NW 30.24   63
19   39.9  50.8   3:23pm  28.0   5:41am   25    0  0.00   1  12   2:54pm  SW 30.36   60
20   55.9  69.4   2:41pm  45.7   7:10am    9    1  0.00   1  12  12:41am  SW 30.15   56
21   62.5  73.7   3:27pm  55.0   2:33am    4    2  0.00   0   6   3:17pm ENE 30.24   64
22   62.2  72.4   2:18pm  52.5   4:01am    5    2  0.00   1  19  11:54pm  SW 30.10   74
23   49.6  58.5  12:00am  39.6  11:55pm   15    0  0.00   2  21   5:43am  NW 30.20   57
24   44.0  52.2   3:05pm  34.0   5:46am   21    0  0.00   0   7   2:25am ENE 30.35   73
25   54.1  64.7   3:26pm  48.1  12:06am   11    0  0.06   1  19   6:54pm  NW 30.08   82
26   47.1  58.0   3:30pm  37.9   7:07am   18    0  0.00   1  12  11:25am ENE 30.38   71
27   45.0  58.7   2:36pm  33.5   7:24am   20    0  0.00   0   6   9:17am  SW 30.53   76
28   50.8  67.8  11:57pm  41.2   5:01am   14    0  1.10   1  11  11:14pm  NE 30.20   92
29   66.0  73.5  12:49pm  55.9  11:59pm    1    2  0.44   3  24   7:07pm  SW 29.55   70
30   51.3  58.6   2:04pm  42.8  11:54pm   13    0  0.00   3  25  11:14am  NW 29.86   56
31   45.5  56.2   3:30pm  33.4   7:40am   19    0  0.00   1  10  12:00am NNW 30.14   70
---------------------------------------------------------------------------------------
TOT  53.4  75.9 10/12/15  28.0 10/19/15  365   14  2.06   2  24 10/10/15  SW 30.08   73

HEAT BASE: 65.0
COOL BASE: 65.0