NOAA-Style Climate Reports

Select a Year or Month report
2022: Jan Feb Mar Apr May Jun Jul Aug Sep Oct Nov Dec
2021: Jan Feb Mar Apr May Jun Jul Aug Sep Oct Nov Dec
2020: Jan Feb Mar Apr May Jun Jul Aug Sep Oct Nov Dec
2019: Jan Feb Mar Apr May Jun Jul Aug Sep Oct Nov Dec
2018: Jan Feb Mar Apr May Jun Jul Aug Sep Oct Nov Dec
2017: Jan Feb Mar Apr May Jun Jul Aug Sep Oct Nov Dec
2016: Jan Feb Mar Apr May Jun Jul Aug Sep Oct Nov Dec
2015: Jan Feb Mar Apr May Jun Jul Aug Sep Oct Nov Dec
2014: Jan Feb Mar Apr May Jun Jul Aug Sep Oct Nov Dec
2013: Jan Feb Mar Apr May Jun Jul Aug Sep Oct Nov Dec
2012: Jan Feb Mar Apr May Jun Jul Aug Sep Oct Nov Dec
2011: Jan Feb Mar Apr May Jun Jul Aug Sep Oct Nov Dec
2010: Jan Feb Mar Apr May Jun Jul Aug Sep Oct Nov Dec
2009: Jan Feb Mar Apr May Jun Jul Aug Sep Oct Nov Dec

Report for 2015 November
                  MONTHLY CLIMATOLOGICAL SUMMARY FOR 11/2015
                                        HEAT  COOL        
     MEAN                               DEG   DEG       WIND SPEED       DOM MEAN  MEAN
DAY  TEMP  HIGH   TIME     LOW   TIME   DAYS  DAYS RAIN AVG  HI  TIME    DIR BAROM HUM
---------------------------------------------------------------------------------------
1    54.5  61.5   2:00pm  48.2   1:30am   11    0  0.00   2  18   2:30pm  SW 29.90   79
2    54.0  64.6   2:30pm  47.6   4:30am   11    0  0.00   1  11   2:00pm WSW 30.03   75
3    56.2  75.5   2:30pm  41.8   5:00am   11    2  0.00   1  11   3:30pm WNW 30.15   70
4    56.4  70.6   2:30pm  46.8   6:00am    9    1  0.00   1  13   3:30pm SSW 30.32   74
5    61.4  70.3   1:00pm  50.5  12:30am    5    1  0.00   1  12   1:30pm SSW 30.21   88
6    66.9  73.6   1:00pm  61.2   5:00am    1    3  0.00   2  18   2:00pm  SW 29.91   87
7    57.2  66.8  12:00am  49.9  11:30pm    8    0  0.00   2  19  11:00am WNW 29.97   66
8    47.7  55.6   1:50pm  40.0  10:49pm   16    0  0.00   3  19   1:30am   W 30.28   65
9    44.7  60.8   2:08pm  34.5   5:12am   20    0  0.00   1   9  11:37am  SW 30.38   63
10   42.0  51.7   1:43pm  43.8  12:02am   22    0  0.01   2  17  10:30pm   N 30.10   74
11   42.2  51.0   6:03pm  45.1   9:02am   22    0  0.00   5  23   8:17am   N 29.84   79
12   44.1  55.2   4:37pm  47.7   3:58am   21    0  0.00   1  14  11:48pm SSW 29.75   82
13   50.2  60.1  11:59am  43.7  10:38pm   15    0  0.00   5  29   9:00pm  SW 29.57   63
14   39.7  45.5  10:15am  39.2  11:59pm   25    0  0.00   4  32   8:17am  NW 29.96   58
15   43.9  57.8   2:24pm  34.6   4:19am   21    0  0.00   1  12   1:15pm  SW 30.16   58
16   48.4  62.5   1:10pm  41.0   4:12am   16    0  0.00   2  15  11:49am WNW 30.19   55
17   37.4  47.9   1:52pm  31.6  11:47pm   27    0  0.00   1  12  12:00am  NE 30.52   56
18   38.3  52.3   3:37pm  27.8   4:56am   26    0  0.00   0   5   1:21pm  NE 30.51   70
19   48.4  59.2   3:10pm   0.0   9:15am   16    0  0.46   1  12  10:17am   S 30.19   76
20   48.5  58.8  12:00am  42.1  11:57pm   16    0  0.07   3  19   5:57am  NW 30.06   59
21   42.9  50.5   1:54pm  36.9   4:00am   22    0  0.00   1  17   9:59am NNW 30.18   61
22   45.2  49.5   1:00pm  41.5   5:48am   19    0  0.04   2  20   6:08pm NNW 29.90   72
23   37.3  42.7  12:38pm  31.0  11:57pm   27    0  0.00   4  23  10:12am  NW 29.99   47
24   35.1  46.1   1:16pm  26.1   6:48am   29    0  0.00   1  16  12:18pm WSW 30.33   59
25   36.8  48.2   1:17pm  26.6   7:00am   28    0  0.00   0   6   2:29pm SSW 30.73   71
26   46.9  57.4   2:56pm  33.8   7:33am   18    0  0.00   1  10   2:40pm  SW 30.75   80
27   55.7  66.1   1:14pm  46.4   2:14am    9    0  0.00   3  23  12:57pm  SW 30.39   81
28   50.7  57.2  12:00am  41.4  11:57pm   14    0  0.16   1  11  11:21pm NNW 30.15   86
29   38.3  47.2   1:17pm  32.2  11:54pm   26    0  0.00   2  13   6:49pm NNW 30.25   75
30   34.3  39.3   2:25pm  30.6   2:29am   30    0  0.00   1  11  10:42am   N 30.43   72
---------------------------------------------------------------------------------------
TOT  46.9  75.5  11/3/15   0.0 11/19/15  540    7  0.74   2  32 11/14/15  SW 30.17   70

HEAT BASE: 65.0
COOL BASE: 65.0