NOAA-Style Climate Reports

Select a Year or Month report
2022: Jan Feb Mar Apr May Jun Jul Aug Sep Oct Nov Dec
2021: Jan Feb Mar Apr May Jun Jul Aug Sep Oct Nov Dec
2020: Jan Feb Mar Apr May Jun Jul Aug Sep Oct Nov Dec
2019: Jan Feb Mar Apr May Jun Jul Aug Sep Oct Nov Dec
2018: Jan Feb Mar Apr May Jun Jul Aug Sep Oct Nov Dec
2017: Jan Feb Mar Apr May Jun Jul Aug Sep Oct Nov Dec
2016: Jan Feb Mar Apr May Jun Jul Aug Sep Oct Nov Dec
2015: Jan Feb Mar Apr May Jun Jul Aug Sep Oct Nov Dec
2014: Jan Feb Mar Apr May Jun Jul Aug Sep Oct Nov Dec
2013: Jan Feb Mar Apr May Jun Jul Aug Sep Oct Nov Dec
2012: Jan Feb Mar Apr May Jun Jul Aug Sep Oct Nov Dec
2011: Jan Feb Mar Apr May Jun Jul Aug Sep Oct Nov Dec
2010: Jan Feb Mar Apr May Jun Jul Aug Sep Oct Nov Dec
2009: Jan Feb Mar Apr May Jun Jul Aug Sep Oct Nov Dec

Report for 2015 December
                  MONTHLY CLIMATOLOGICAL SUMMARY FOR 12/2015
                                        HEAT  COOL        
     MEAN                               DEG   DEG       WIND SPEED       DOM MEAN  MEAN
DAY  TEMP  HIGH   TIME     LOW   TIME   DAYS  DAYS RAIN AVG  HI  TIME    DIR BAROM HUM
---------------------------------------------------------------------------------------
1    36.8  40.8  12:41pm  31.4   1:27am   28    0  0.31   1  13   8:48pm   N 30.23   86
2    42.9  47.0   7:04pm  38.9  12:00am   22    0  0.19   0   6  12:00am   N 29.82   97
3    45.9  49.8   1:43am  42.7  10:15pm   19    0  0.00   4  26  10:56am WNW 29.81   75
4    44.5  50.7   1:11pm  35.0   7:09am   20    0  0.00   3  17   6:20pm  NW 30.37   67
5    42.9  54.1   1:25pm  33.0   6:15am   22    0  0.00   0   7   9:53am  NW 30.60   76
6    42.6  56.7   2:19pm  31.5   7:28am   22    0  0.00   0   9   1:36pm  SW 30.40   77
7    42.8  54.3   2:50pm  33.5   5:36am   22    0  0.00   1  16  10:55pm  NW 30.10   74
8    41.3  47.2   2:45pm  38.8  11:07pm   23    0  0.00   2  14  12:44am   N 30.10   74
9    42.6  48.9   3:56pm  32.7   7:02am   22    0  0.00   0   6   1:31pm SSW 30.11   82
10   51.6  60.7   1:23pm  45.6   6:04am   13    0  0.05   0   7  10:58am WSW 29.95   85
11   50.7  58.7   2:30pm  44.6   3:38am   14    0  0.00   1  11  11:44am  SW 29.90   89
12   54.0  63.9   1:22pm  43.4   6:54am   11    0  0.00   1  11   1:10pm  SW 30.08   72
13   53.6  58.5  12:42pm  50.8  12:59am   11    0  0.00   1  11   1:07pm  NE 30.14   71
14   54.0  61.0  11:53pm  49.4   8:14am   11    0  0.31   0   8  11:59pm SSW 29.83   90
15   55.8  62.4   2:37am  45.8  11:52pm    9    0  0.08   5  28   7:36pm  NW 29.51   75
16   45.1  50.3   1:24pm  39.5   7:47am   19    0  0.00   1  15   9:59am   S 30.07   72
17   46.3  50.7  11:24pm  42.8   2:27am   18    0  0.57   1   7   7:39pm NNW 29.89   95
18   44.7  50.5  12:00am  37.1  11:58pm   20    0  0.00   2  20   4:32pm  NW 29.68   80
19   36.5  42.0   1:28pm  33.8  11:22pm   29    0  0.00   4  27  11:32am WNW 29.96   56
20   37.2  43.7   1:22pm  33.1  10:38pm   28    0  0.00   3  27   6:01am WSW 30.38   57
21   44.0  53.5  11:37pm  33.0   1:34am   21    0  0.00   2  24  12:36pm  SW 30.20   65
22   54.3  58.0   4:37pm  51.0   7:38am   11    0  0.13   2  18   6:39pm  SW 29.98   89
23   49.0  53.9  11:26pm  43.0   7:39am   16    0  0.89   1   9  10:46pm NNW 30.11   97
24   58.5  66.6   5:14pm  52.3   6:35am    7    0  0.08   1  14   4:51pm  SW 29.94   93
25   55.1  61.9   2:13pm  48.4   8:52am   10    0  0.00   0  11  10:56pm   W 30.14   83
26   50.1  56.2  12:00am  45.5   8:13am   15    0  0.00   2  13   2:17am   N 30.42   63
27   50.5  59.0   3:08pm  42.1  11:57pm   14    0  0.19   3  22   8:11pm  SW 29.94   88
28   35.7  42.1  12:00am  31.4   6:13pm   29    0  0.00   4  21   9:48am  NE 30.41   60
29   32.2  34.7   4:22pm  29.2   2:05am   33    0  0.08   3  15   4:41pm   N 30.18   92
30   33.2  34.3  11:09pm  32.3   5:34am   31    0  0.12   1  10   5:44am NNE 30.26   94
31   38.5  44.0  12:41pm  34.2  12:00am   27    0  0.39   1  17   1:28pm  NW 30.03   86
---------------------------------------------------------------------------------------
TOT  45.6  66.6 12/24/15  29.2 12/29/15  593    0  3.39   2  28 12/15/15  NW 30.08   79

HEAT BASE: 65.0
COOL BASE: 65.0