NOAA-Style Climate Reports

Select a Year or Month report
2022: Jan Feb Mar Apr May Jun Jul Aug Sep Oct Nov Dec
2021: Jan Feb Mar Apr May Jun Jul Aug Sep Oct Nov Dec
2020: Jan Feb Mar Apr May Jun Jul Aug Sep Oct Nov Dec
2019: Jan Feb Mar Apr May Jun Jul Aug Sep Oct Nov Dec
2018: Jan Feb Mar Apr May Jun Jul Aug Sep Oct Nov Dec
2017: Jan Feb Mar Apr May Jun Jul Aug Sep Oct Nov Dec
2016: Jan Feb Mar Apr May Jun Jul Aug Sep Oct Nov Dec
2015: Jan Feb Mar Apr May Jun Jul Aug Sep Oct Nov Dec
2014: Jan Feb Mar Apr May Jun Jul Aug Sep Oct Nov Dec
2013: Jan Feb Mar Apr May Jun Jul Aug Sep Oct Nov Dec
2012: Jan Feb Mar Apr May Jun Jul Aug Sep Oct Nov Dec
2011: Jan Feb Mar Apr May Jun Jul Aug Sep Oct Nov Dec
2010: Jan Feb Mar Apr May Jun Jul Aug Sep Oct Nov Dec
2009: Jan Feb Mar Apr May Jun Jul Aug Sep Oct Nov Dec

Report for 2016 February
                  MONTHLY CLIMATOLOGICAL SUMMARY FOR 2/2016
                                        HEAT  COOL        
     MEAN                               DEG   DEG       WIND SPEED       DOM MEAN  MEAN
DAY  TEMP  HIGH   TIME     LOW   TIME   DAYS  DAYS RAIN AVG  HI  TIME    DIR BAROM HUM
---------------------------------------------------------------------------------------
1    47.2  63.2  12:30pm  40.2   3:30am   18    0  0.00   3  22   1:00pm  NW 29.81   71
2    41.6  50.5   3:00pm  33.8   7:00am   23    0  0.00   1  14  12:00pm  NW 30.25   60
3    47.1  57.5   7:30pm  34.8   4:30am   18    0  0.47   2  19   7:30pm   S 30.08   89
4    50.7  56.5   2:42am  43.2  11:50pm   14    0  0.00   3  17  11:38am  NW 29.96   73
5    34.6  43.2  12:00am  27.8  11:56pm   30    0  0.02   2  19   4:23pm  NW 30.09   78
6    30.1  39.1   1:04pm  19.8   5:55am   34    0  0.00   1  12   2:35pm   S 30.31   76
7    35.1  45.6   3:09pm  25.7   7:27am   29    0  0.00   1   6   2:14pm ENE 30.12   70
8    28.7  36.8   3:52am  23.7  11:34am   36    0  0.01   4  25   4:37am   N 29.80   82
9    26.4  31.8   2:43pm  20.0   7:14am   38    0  0.02   1  10   1:26am  NE 29.66   83
10   31.6  38.1   3:21pm  26.7   2:46am   33    0  0.08   0   9   4:04pm WNW 29.60   86
11   23.2  29.3  12:00am  13.4  11:53pm   41    0  0.00   6  27   7:11pm WNW 29.84   61
12   18.8  25.9   1:50pm   8.3   6:11am   45    0  0.00   3  22  12:26am  SW 30.10   60
13   14.0  21.9  12:24pm  -1.5  11:57pm   50    0  0.00   5  31   3:12pm  NW 30.00   57
14    2.4  12.1   3:31pm  -7.9   7:05am   61    0  0.00   4  31  12:00am WNW 30.44   48
15   10.3  23.9  11:59pm  -0.1   6:30am   54    0  0.00   1  12   8:00pm NNE 30.48   73
16   39.2  54.6   4:00pm  23.9  12:00am   25    0  0.81   2  24   4:24pm   S 29.78   94
17   37.0  40.6  11:57am  31.7  11:57pm   27    0  0.00   3  19  12:00am  NW 29.94   73
18   30.0  35.4   2:51pm  23.6  11:59pm   34    0  0.00   5  21   5:07am  NW 30.37   53
19   29.5  38.8   2:48pm  18.7   6:56am   35    0  0.00   1  12   7:22pm SSW 30.45   52
20   49.2  60.9   2:45pm  36.1  12:00am   15    0  0.00   4  26  11:28am  SW 29.88   63
21   48.0  55.1   2:57pm  41.5   7:09am   17    0  0.00   2  16  12:21pm  NW 29.87   61
22   40.3  47.5   2:56pm  32.3  11:54pm   24    0  0.00   3  17  12:23pm NNW 30.11   53
23   34.0  41.2   1:59pm  30.5   3:26am   30    0  0.08   3  14   1:46pm  NE 30.35   68
24   38.4  62.5  11:57pm  33.7  12:00am   26    0  1.21   3  29  11:40pm   N 29.91   96
25   52.0  63.0  12:14am  40.5  11:40pm   13    0  0.39   6  26  12:22am  SW 29.25   82
26   32.5  40.5  12:00am  25.6  11:14pm   32    0  0.00   7  30  12:19pm  NW 29.77   54
27   31.7  39.6   2:30pm  23.2   6:38am   33    0  0.00   3  15  12:00am  SW 30.01   59
28   45.2  57.3   4:21pm  34.9   6:44am   19    0  0.00   3  14  12:00am SSW 29.84   57
29   48.4  56.7  10:40am  41.8   6:14am   16    0  0.03   4  19  10:38am  SW 29.64   69
---------------------------------------------------------------------------------------
TOT  34.4  63.2   2/1/16  -7.9  2/14/16  872    0  3.12   3  31  2/13/16  SW 29.99   69

HEAT BASE: 65.0
COOL BASE: 65.0