NOAA-Style Climate Reports

Select a Year or Month report
2022: Jan Feb Mar Apr May Jun Jul Aug Sep Oct Nov Dec
2021: Jan Feb Mar Apr May Jun Jul Aug Sep Oct Nov Dec
2020: Jan Feb Mar Apr May Jun Jul Aug Sep Oct Nov Dec
2019: Jan Feb Mar Apr May Jun Jul Aug Sep Oct Nov Dec
2018: Jan Feb Mar Apr May Jun Jul Aug Sep Oct Nov Dec
2017: Jan Feb Mar Apr May Jun Jul Aug Sep Oct Nov Dec
2016: Jan Feb Mar Apr May Jun Jul Aug Sep Oct Nov Dec
2015: Jan Feb Mar Apr May Jun Jul Aug Sep Oct Nov Dec
2014: Jan Feb Mar Apr May Jun Jul Aug Sep Oct Nov Dec
2013: Jan Feb Mar Apr May Jun Jul Aug Sep Oct Nov Dec
2012: Jan Feb Mar Apr May Jun Jul Aug Sep Oct Nov Dec
2011: Jan Feb Mar Apr May Jun Jul Aug Sep Oct Nov Dec
2010: Jan Feb Mar Apr May Jun Jul Aug Sep Oct Nov Dec
2009: Jan Feb Mar Apr May Jun Jul Aug Sep Oct Nov Dec

Report for 2016 July
                  MONTHLY CLIMATOLOGICAL SUMMARY FOR 7/2016
                                        HEAT  COOL        
     MEAN                               DEG   DEG       WIND SPEED       DOM MEAN  MEAN
DAY  TEMP  HIGH   TIME     LOW   TIME   DAYS  DAYS RAIN AVG  HI  TIME    DIR BAROM HUM
---------------------------------------------------------------------------------------
1    73.9  82.9  11:30am  65.2   5:40am    0    9  0.32   1  14   3:28pm SSW 29.93   79
2    70.9  78.1   3:28pm  61.6   5:51am    0    6  0.00   3  23   3:44pm WNW 29.90   65
3    72.4  83.8   2:25pm  59.4   5:40am    1    8  0.00   2  15   1:07pm  SW 30.03   57
4    76.1  88.5   3:02pm  62.1   5:45am    0   11  0.00   1  13  11:16am WSW 29.99   57
5    75.7  87.5   4:17pm  67.9   3:42am    0   11  0.23   1  15   4:44pm  NW 29.77   80
6    83.2  94.4   3:30pm  69.6   5:52am    0   18  0.00   1  14   1:30pm  NW 29.80   62
7    77.8  92.7  12:02pm  71.9   6:03am    0   13  0.34   0  19   2:00pm  SW 29.75   84
8    74.7  81.2   2:04pm  67.1  11:55pm    0    9  0.01   1  15  10:30pm ENE 29.79   83
9    66.0  69.9   2:48pm  61.9   4:51am    1    2  0.04   1  12   2:04am ENE 29.85   84
10   69.5  81.0   4:08pm  62.7   6:36am    0    5  0.09   1  15   7:42pm   W 29.83   86
11   69.7  78.8   4:10pm  61.9   6:01am    0    5  0.00   1  13   1:17pm  NE 30.03   75
12   74.8  88.0   4:12pm  60.2   6:02am    1   10  0.00   1  10  12:45pm  SW 30.06   67
13   78.6  89.9   3:06pm  67.7   5:49am    0   13  0.00   1  13  10:01am  SW 30.01   67
14   76.7  86.8   4:05pm  71.4   1:32am    0   12  0.26   1  13   6:28pm  SW 29.86   88
15   82.4  93.3   3:03pm  71.7   5:29am    0   17  0.00   0  12   3:20pm  SW 29.81   71
16   81.8  92.3   3:18pm  68.9   6:02am    0   16  0.00   1  11   2:56pm WSW 29.97   63
17   81.3  92.8   3:55pm  71.5   6:11am    0   16  0.00   1  14   4:12pm WNW 30.05   66
18   79.2  94.0   2:11pm  70.7   4:49am    0   14  0.66   2  20   3:25pm WSW 29.99   76
19   75.9  82.2   2:10pm  67.6  11:58pm    0   11  0.00   2  20  11:40am  NW 30.03   58
20   73.0  83.8   3:58pm  58.0   5:58am    1    9  0.00   1  18   2:35pm  NW 30.15   57
21   78.0  91.5   3:28pm  61.6   6:21am    0   13  0.00   1  15   2:42pm  SW 30.07   61
22   83.6  97.8   3:43pm  72.3   3:16am    0   18  0.00   3  21   9:57pm  SW 29.83   65
23   84.5  95.1   4:10pm  73.4   4:05am    0   19  0.00   3  19   5:51pm   W 29.77   57
24   80.9  91.5   5:58pm  66.1   5:45am    0   16  0.00   1  14  10:20am  NW 29.92   56
25   80.9  94.7   1:48pm  69.6   5:37am    0   16  0.02   1  10  11:19am  SW 29.86   73
26   80.8  91.6   3:31pm  69.1   5:53am    0   16  0.01   2  19   1:28pm WNW 29.83   65
27   82.7  93.5   2:52pm  68.0   6:13am    0   17  0.00   1  12   3:04pm WSW 29.88   55
28   83.0  96.6   3:23pm  69.3   6:17am    0   18  0.00   1  11   5:47pm WSW 29.85   62
29   79.0  88.6   4:16pm  72.7   8:56am    0   14  0.20   1  11   5:54pm  NE 29.83   76
30   76.6  88.3   1:39pm  69.1   6:16am    0   11  0.18   1  10   8:17am  SW 29.98   75
31   73.3  80.8   4:36pm  67.7  10:06am    0    8  0.53   1  11   4:14pm ENE 30.03   88
---------------------------------------------------------------------------------------
TOT  77.3  97.8  7/22/16  58.0  7/20/16    5  379  2.89   1  21  7/22/16  SW 29.92   70

HEAT BASE: 65.0
COOL BASE: 65.0