NOAA-Style Climate Reports

Select a Year or Month report
2022: Jan Feb Mar Apr May Jun Jul Aug Sep Oct Nov Dec
2021: Jan Feb Mar Apr May Jun Jul Aug Sep Oct Nov Dec
2020: Jan Feb Mar Apr May Jun Jul Aug Sep Oct Nov Dec
2019: Jan Feb Mar Apr May Jun Jul Aug Sep Oct Nov Dec
2018: Jan Feb Mar Apr May Jun Jul Aug Sep Oct Nov Dec
2017: Jan Feb Mar Apr May Jun Jul Aug Sep Oct Nov Dec
2016: Jan Feb Mar Apr May Jun Jul Aug Sep Oct Nov Dec
2015: Jan Feb Mar Apr May Jun Jul Aug Sep Oct Nov Dec
2014: Jan Feb Mar Apr May Jun Jul Aug Sep Oct Nov Dec
2013: Jan Feb Mar Apr May Jun Jul Aug Sep Oct Nov Dec
2012: Jan Feb Mar Apr May Jun Jul Aug Sep Oct Nov Dec
2011: Jan Feb Mar Apr May Jun Jul Aug Sep Oct Nov Dec
2010: Jan Feb Mar Apr May Jun Jul Aug Sep Oct Nov Dec
2009: Jan Feb Mar Apr May Jun Jul Aug Sep Oct Nov Dec

Report for 2016 September
                  MONTHLY CLIMATOLOGICAL SUMMARY FOR 9/2016
                                        HEAT  COOL        
     MEAN                               DEG   DEG       WIND SPEED       DOM MEAN  MEAN
DAY  TEMP  HIGH   TIME     LOW   TIME   DAYS  DAYS RAIN AVG  HI  TIME    DIR BAROM HUM
---------------------------------------------------------------------------------------
1    73.6  79.6   3:18pm  68.6  11:58pm    0    9  0.06   0  10  10:43pm  SW 29.83   83
2    71.1  82.1   3:49pm  59.9   6:46am    1    6  0.00   1  15   1:18pm ENE 30.03   62
3    67.3  75.1   4:30pm  60.2   6:32am    1    3  0.00   1  10  10:06am ENE 30.17   68
4    67.8  79.6   3:14pm  57.1   6:15am    2    5  0.00   2  15  11:23am ENE 30.22   67
5    68.8  79.4   4:16pm  58.3   5:13am    2    6  0.00   3  23   3:15pm ENE 30.12   62
6    71.0  75.0   3:47pm  67.1   5:34am    0    6  0.00   3  20   5:21am ENE 29.99   78
7    74.3  83.2   3:39pm  68.8   6:31am    0    9  0.07   2  15   4:59pm ENE 29.98   83
8    77.8  89.7   3:47pm  69.5   7:21am    0   13  0.00   1   9  11:49am  SW 29.86   77
9    81.5  93.2   3:07pm  73.1   3:47am    0   16  0.00   1  16   2:07pm WNW 29.85   71
10   79.3  91.6   3:44pm  73.4   6:59am    0   14  0.02   1   9   3:48pm SSW 29.96   75
11   75.2  82.6   3:49pm  64.8  11:58pm    0   10  0.00   3  24   9:34am  SW 29.94   67
12   66.7  81.1   3:25pm  53.4   6:52am    2    4  0.00   1   9  12:00am   W 30.19   62
13   69.5  85.2   3:46pm  56.3   6:47am    2    7  0.00   1  14   3:34pm  SW 30.14   71
14   74.4  91.0   3:09pm  65.3   7:06am    0    9  0.00   2  23   4:03pm  SW 30.02   68
15   63.5  74.0   3:42pm  55.9   6:48am    3    2  0.00   1  14   9:25am NNW 30.23   62
16   62.9  77.1   3:40pm  52.2   6:28am    5    3  0.00   0  10   2:36pm  SW 30.28   73
17   65.0  78.5   3:35pm  50.9   6:09am    4    4  0.00   1  12   2:16pm  SW 30.18   76
18   73.9  81.0   3:43pm  67.2   5:13am    0    9  0.00   1  10   1:24pm  SW 30.02   85
19   71.7  74.4  12:15am  68.5  11:44pm    0    7  0.35   0  10   7:02am WSW 30.02   94
20   72.7  82.7   3:55pm  66.0   6:45am    0    7  0.00   0   7  10:57am  NE 30.08   86
21   70.7  80.9   3:20pm  62.8   6:48am    0    6  0.00   0  13  11:23am NNW 30.13   72
22   69.8  84.6   3:25pm  56.4   7:00am    2    7  0.00   0   7   9:41am  SW 30.12   67
23   69.3  84.0   4:19pm  56.8   6:05am    2    6  0.01   1  16  10:22pm  NE 29.98   71
24   59.9  69.0   4:07pm  55.2   7:04am    5    0  0.05   2  18  12:04pm  NW 30.09   69
25   56.1  67.5   3:38pm  44.5   7:04am    9    0  0.00   1  17  12:49pm  NW 30.14   60
26   56.5  69.4   1:56pm  41.7   7:08am    9    1  0.00   1  11   6:01pm  SW 30.13   71
27   66.8  73.8   3:21pm  61.3  11:57pm    1    2  0.43   0   5   9:42am WSW 29.90   81
28   59.6  63.6  11:28am  56.6   9:41pm    5    0  0.00   3  21   5:49pm ENE 30.15   84
29   59.1  63.1   1:24pm  55.0  11:32pm    6    0  0.00   4  22   9:40am ENE 30.39   73
30   56.3  61.9   1:16pm  52.2  11:51pm    9    0  0.16   3  18   9:08am ENE 30.36   85
---------------------------------------------------------------------------------------
TOT  68.4  93.2   9/9/16  41.7  9/26/16   70  170  1.15   1  23   9/5/16 ENE 30.08   73

HEAT BASE: 65.0
COOL BASE: 65.0