NOAA-Style Climate Reports

Select a Year or Month report
2022: Jan Feb Mar Apr May Jun Jul Aug Sep Oct Nov Dec
2021: Jan Feb Mar Apr May Jun Jul Aug Sep Oct Nov Dec
2020: Jan Feb Mar Apr May Jun Jul Aug Sep Oct Nov Dec
2019: Jan Feb Mar Apr May Jun Jul Aug Sep Oct Nov Dec
2018: Jan Feb Mar Apr May Jun Jul Aug Sep Oct Nov Dec
2017: Jan Feb Mar Apr May Jun Jul Aug Sep Oct Nov Dec
2016: Jan Feb Mar Apr May Jun Jul Aug Sep Oct Nov Dec
2015: Jan Feb Mar Apr May Jun Jul Aug Sep Oct Nov Dec
2014: Jan Feb Mar Apr May Jun Jul Aug Sep Oct Nov Dec
2013: Jan Feb Mar Apr May Jun Jul Aug Sep Oct Nov Dec
2012: Jan Feb Mar Apr May Jun Jul Aug Sep Oct Nov Dec
2011: Jan Feb Mar Apr May Jun Jul Aug Sep Oct Nov Dec
2010: Jan Feb Mar Apr May Jun Jul Aug Sep Oct Nov Dec
2009: Jan Feb Mar Apr May Jun Jul Aug Sep Oct Nov Dec

Report for 2016 November
                  MONTHLY CLIMATOLOGICAL SUMMARY FOR 11/2016
                                        HEAT  COOL        
     MEAN                               DEG   DEG       WIND SPEED       DOM MEAN  MEAN
DAY  TEMP  HIGH   TIME     LOW   TIME   DAYS  DAYS RAIN AVG  HI  TIME    DIR BAROM HUM
---------------------------------------------------------------------------------------
1    43.7  57.8   3:21pm  31.4   7:40am   21    0  0.00   1   9   9:16am SSW 30.33   80
2    58.7  71.2   3:23pm  45.8  12:00am    7    1  0.00   1   9  11:06am  SW 30.17   77
3    59.7  71.4   2:39pm  52.6   7:04am    6    1  0.00   2  29   4:44pm  SW 29.90   82
4    53.0  59.0   3:24pm  43.1  11:56pm   12    0  0.00   3  17   1:44pm WNW 30.06   60
5    47.8  59.0   2:59pm  37.3   4:19am   17    0  0.00   1  13   3:09pm WSW 30.14   68
6    48.1  52.2   2:22pm  41.3  11:56pm   17    0  0.00   3  27  12:03pm NNW 30.20   67
7    42.1  51.1   2:22pm  34.8  11:58pm   22    0  0.00   2  13   8:09am  NE 30.39   63
8    44.7  62.0   2:26pm  30.8   6:42am   20    0  0.00   0   5   8:29am ENE 30.09   69
9    46.7  53.5   2:24pm  39.5   1:02am   18    0  0.04   1  15   9:58pm NNW 29.84   87
10   47.4  55.2   1:53pm  38.3   7:00am   17    0  0.01   2  15   3:20am  NW 29.87   60
11   47.9  59.3  10:15am  39.1  11:55pm   17    0  0.00   5  33   1:41pm  NW 29.74   57
12   41.0  49.1   2:23pm  33.1   7:18am   23    0  0.00   2  19  12:43am  NW 30.18   52
13   47.5  62.0   1:58pm  33.7   6:16am   17    0  0.00   2  13  11:22am WSW 30.03   50
14   50.6  64.5   1:47pm  35.1   6:39am   14    0  0.00   1   6   4:01pm  SW 29.98   44
15   47.4  49.5  11:33pm  44.4  12:36pm   17    0  0.66   3  19   1:42pm   N 29.83   79
16   51.3  60.3   2:01pm  44.8  11:59pm   13    0  0.04   1  18  10:20am   W 29.71   80
17   49.6  58.5  12:45pm  41.9   7:07am   15    0  0.00   3  20  12:57pm NNW 29.95   75
18   48.9  62.6   2:13pm  39.3   3:37am   16    0  0.00   1  11   8:52am  NE 30.06   71
19   49.3  63.3   1:08pm  36.6   7:03am   15    0  0.00   1   7   9:00am SSW 29.84   79
20   39.4  50.0  12:00am  33.4  11:57pm   25    0  0.51   6  29   2:43am WSW 29.40   84
21   34.2  38.3  12:53pm  31.9   7:03am   30    0  0.00   4  30  11:43am WSW 29.58   74
22   35.5  41.4  12:44pm  31.9   3:42am   29    0  0.00   7  29   9:47am  NW 29.96   64
23   35.5  43.1   2:00pm  31.0   6:57am   29    0  0.00   4  23   1:33am  NW 30.23   65
24   37.9  44.0   1:44pm  34.0  12:00am   26    0  0.05   1  10   1:42am NNW 30.28   79
25   42.9  46.8   2:58pm  39.1  12:28am   22    0  0.00   0   7   6:15am NNW 30.20   93
26   42.4  49.5   1:13pm  37.9  11:25pm   22    0  0.01   1  13  11:52am NNW 30.07   88
27   39.1  46.3  12:38pm  33.5   7:12am   25    0  0.00   2  22   2:41pm  NW 30.04   80
28   39.0  49.9   1:15pm  29.6   6:58am   25    0  0.00   1  17  12:36pm WNW 30.14   74
29   46.2  58.9   5:45pm  35.0  12:00am   18    0  0.84   1  14   4:50pm SSW 29.99   91
30   50.8  56.5  12:00am  47.9  11:48pm   14    0  0.40   1  14   7:26pm  NE 29.87   96
---------------------------------------------------------------------------------------
TOT  45.6  71.4  11/3/16  29.6 11/28/16  571    2  2.56   2  33 11/11/16  NW 30.00   73

HEAT BASE: 65.0
COOL BASE: 65.0