NOAA-Style Climate Reports

Select a Year or Month report
2022: Jan Feb Mar Apr May Jun Jul Aug Sep Oct Nov Dec
2021: Jan Feb Mar Apr May Jun Jul Aug Sep Oct Nov Dec
2020: Jan Feb Mar Apr May Jun Jul Aug Sep Oct Nov Dec
2019: Jan Feb Mar Apr May Jun Jul Aug Sep Oct Nov Dec
2018: Jan Feb Mar Apr May Jun Jul Aug Sep Oct Nov Dec
2017: Jan Feb Mar Apr May Jun Jul Aug Sep Oct Nov Dec
2016: Jan Feb Mar Apr May Jun Jul Aug Sep Oct Nov Dec
2015: Jan Feb Mar Apr May Jun Jul Aug Sep Oct Nov Dec
2014: Jan Feb Mar Apr May Jun Jul Aug Sep Oct Nov Dec
2013: Jan Feb Mar Apr May Jun Jul Aug Sep Oct Nov Dec
2012: Jan Feb Mar Apr May Jun Jul Aug Sep Oct Nov Dec
2011: Jan Feb Mar Apr May Jun Jul Aug Sep Oct Nov Dec
2010: Jan Feb Mar Apr May Jun Jul Aug Sep Oct Nov Dec
2009: Jan Feb Mar Apr May Jun Jul Aug Sep Oct Nov Dec

Report for 2016 December
                  MONTHLY CLIMATOLOGICAL SUMMARY FOR 12/2016
                                        HEAT  COOL        
     MEAN                               DEG   DEG       WIND SPEED       DOM MEAN  MEAN
DAY  TEMP  HIGH   TIME     LOW   TIME   DAYS  DAYS RAIN AVG  HI  TIME    DIR BAROM HUM
---------------------------------------------------------------------------------------
1    48.3  56.2  11:42am  40.0  11:59pm   16    0  0.21   3  19  12:23pm   W 29.58   81
2    43.6  52.2   1:15pm  37.4   1:11am   21    0  0.00   3  19   1:49pm WSW 29.79   69
3    41.6  45.9   1:22pm  37.5  11:59pm   23    0  0.00   8  28   2:58am  NW 29.95   63
4    36.7  43.6   1:22pm  32.1  10:01pm   28    0  0.00   2  15   8:46am  NW 30.17   62
5    36.9  45.0   3:27pm  31.4   7:13am   27    0  0.04   1  15   3:57pm   W 30.01   81
6    40.1  45.8   2:07pm  32.1   7:14am   24    0  0.06   1  11  11:22pm  NE 30.04   73
7    38.8  42.9   3:33pm  35.1   2:14am   26    0  0.16   1  10   3:55am NNW 29.96   93
8    37.3  44.0   2:51pm  32.4  11:53pm   27    0  0.01   1  23   7:46pm WSW 29.90   80
9    32.1  36.7  11:50am  26.5  11:54pm   32    0  0.00   5  28   9:28am  NW 30.05   60
10   26.6  32.6   2:46pm  22.5   6:53am   37    0  0.00   2  22   9:59am WNW 30.33   62
11   26.4  33.8   1:56pm  16.9   6:54am   38    0  0.00   1  12   5:00pm SSW 30.44   78
12   36.7  43.2   3:10pm  31.1  12:00am   28    0  0.49   1  17   1:34pm WSW 29.88   90
13   36.6  42.1  12:17pm  29.7   7:11am   28    0  0.00   1   9   3:23pm WSW 30.06   68
14   35.7  43.3  11:51am  29.4  10:07pm   29    0  0.00   3  18   1:32pm   W 29.92   67
15   25.1  32.6   1:24am  18.2  11:41pm   39    0  0.00   7  34   2:18pm WNW 29.84   47
16   17.8  24.8   1:22pm   8.6   6:51am   46    0  0.00   2  25  12:41am WNW 30.33   60
17   27.6  35.5  11:49pm  23.9  12:21am   37    0  0.05   0  11   2:14am  NE 30.05   86
18   40.9  52.5   2:17pm  28.9  11:58pm   24    0  0.12   5  29   2:31pm  SW 29.93   85
19   23.6  28.9  12:00am  18.0  11:56pm   41    0  0.00   4  28  12:00am  NW 30.65   50
20   22.1  31.5  11:24pm   9.9   7:37am   42    0  0.00   1  14  10:46pm  SW 30.45   61
21   32.5  41.3   2:18pm  24.4   8:35am   32    0  0.00   1  12  12:00am WSW 30.13   63
22   36.0  42.2   4:24pm  29.9  12:55am   28    0  0.00   1  21   8:15pm  NW 30.02   73
23   40.1  47.4   1:35pm  33.0   7:47am   24    0  0.00   2  19  12:00am  SW 30.31   63
24   39.6  43.4   2:53pm  37.1   2:44am   24    0  0.49   1  17   7:49am SSW 30.16   85
25   40.0  48.4   1:29pm  29.3  11:54pm   24    0  0.00   3  22  10:49am  NW 30.44   62
26   31.9  44.0  11:30pm  22.6   7:26am   32    0  0.03   1  10  12:00am   S 30.56   71
27   49.4  58.6  12:30pm  33.7  11:30pm   16    0  0.00   4  20   3:30am  SW 29.82   79
28   36.3  40.1  10:30am  32.6  12:30am   29    0  0.00   2  18  11:00am WNW 30.04   68
29   32.7  36.3   7:00pm  28.3   4:30am   32    0  0.43   0  18   5:00pm WNW 29.76   88
30   35.4  42.3   1:30pm  30.1  10:30pm   30    0  0.00   4  26   4:30pm  SW 29.59   74
31   34.2  42.8   7:30pm  24.2   7:00am   31    0  0.02   3  22   8:00pm  SW 29.99   75
---------------------------------------------------------------------------------------
TOT  34.9  58.6 12/27/16   8.6 12/16/16  914    0  2.11   2  34 12/15/16  SW 30.07   71

HEAT BASE: 65.0
COOL BASE: 65.0