NOAA-Style Climate Reports

Select a Year or Month report
2022: Jan Feb Mar Apr May Jun Jul Aug Sep Oct Nov Dec
2021: Jan Feb Mar Apr May Jun Jul Aug Sep Oct Nov Dec
2020: Jan Feb Mar Apr May Jun Jul Aug Sep Oct Nov Dec
2019: Jan Feb Mar Apr May Jun Jul Aug Sep Oct Nov Dec
2018: Jan Feb Mar Apr May Jun Jul Aug Sep Oct Nov Dec
2017: Jan Feb Mar Apr May Jun Jul Aug Sep Oct Nov Dec
2016: Jan Feb Mar Apr May Jun Jul Aug Sep Oct Nov Dec
2015: Jan Feb Mar Apr May Jun Jul Aug Sep Oct Nov Dec
2014: Jan Feb Mar Apr May Jun Jul Aug Sep Oct Nov Dec
2013: Jan Feb Mar Apr May Jun Jul Aug Sep Oct Nov Dec
2012: Jan Feb Mar Apr May Jun Jul Aug Sep Oct Nov Dec
2011: Jan Feb Mar Apr May Jun Jul Aug Sep Oct Nov Dec
2010: Jan Feb Mar Apr May Jun Jul Aug Sep Oct Nov Dec
2009: Jan Feb Mar Apr May Jun Jul Aug Sep Oct Nov Dec

Report for 2017 February
                  MONTHLY CLIMATOLOGICAL SUMMARY FOR 2/2017
                                        HEAT  COOL        
     MEAN                               DEG   DEG       WIND SPEED       DOM MEAN  MEAN
DAY  TEMP  HIGH   TIME     LOW   TIME   DAYS  DAYS RAIN AVG  HI  TIME    DIR BAROM HUM
---------------------------------------------------------------------------------------
1    34.3  44.0   2:14pm  24.5   7:22am   30    0  0.15   3  22   1:29pm WSW 29.88   76
2    32.3  41.6  12:43pm  26.6   7:37am   33    0  0.01   1  19  11:53am   W 30.03   75
3    28.0  35.1   2:45pm  21.1   7:25am   36    0  0.00   2  19   9:13pm  NW 30.13   58
4    27.1  34.8   2:30pm  19.8   7:16am   37    0  0.00   2  18  12:06am   W 30.24   54
5    34.5  42.9   2:30pm  27.0   6:00am   30    0  0.00   2  19  11:00am  SW 29.95   58
6    36.2  42.2   2:30pm  31.2  10:00pm   29    0  0.00   3  20   3:30am WNW 30.03   55
7    33.5  34.7   6:00pm  31.8  12:00am   31    0  0.10   3  12  10:30am   N 29.91   84
8    39.1  50.7   3:00pm  32.5   3:30am   26    0  0.06   2  17   3:00pm   N 29.64   84
9    27.2  36.3  12:40am  14.9  11:20pm   37    0  0.00   7  37   5:21pm  NW 29.65   80
10   22.2  30.9   2:55pm  12.7   2:44am   43    0  0.01   3  23  12:29pm WSW 30.11   63
11   28.8  34.1   2:16pm  23.6  12:08am   35    0  0.02   2  11  10:46pm NNW 30.01   85
12   26.9  31.3  11:40pm  23.6   5:47am   38    0  0.00   3  13   6:45pm NNW 29.93   89
13   31.0  34.1   3:00pm  26.1  11:30pm   34    0  0.00   7  36   1:30pm  NW 29.68   74
14   30.0  39.6   3:00pm  19.9   7:00am   35    0  0.01   1  13  12:30am   S 29.85   70
15   36.3  45.9   2:30pm  28.1   4:00am   29    0  0.22   2  28  11:00pm  NW 29.45   85
16   32.8  36.6   2:00pm  26.5  11:00pm   32    0  0.01   7  26  11:30am  NW 29.50   63
17   31.6  40.6   3:00pm  25.8   6:30am   33    0  0.00   4  25  10:00am WNW 29.77   60
18   40.0  53.9   3:00pm  24.6   5:00am   25    0  0.03   2  13  11:00am SSW 29.72   61
19   51.2  62.2   3:00pm  41.1   5:00am   14    0  0.00   2  19  12:30pm WNW 29.75   57
20   42.7  48.7   2:30pm  32.8  11:30pm   22    0  0.00   4  17   3:00pm NNW 30.15   53
21   36.9  46.5   2:00pm  27.1   7:00am   28    0  0.00   1  14   2:30pm SSW 30.28   55
22   45.2  56.9   3:10pm  37.9  12:00am   19    0  0.00   1   7   2:00pm SSW 29.96   76
23   50.5  63.3  12:37pm  40.4   6:29am   14    0  0.00   2  12   2:37pm SSW 29.86   90
24   58.3  70.8   2:13pm  48.5   6:54am    7    1  0.00   3  21   3:30pm   S 29.88   82
25   57.2  67.4   1:02pm  40.8  11:59pm    8    0  0.37   3  23   9:09pm   S 29.66   90
26   37.2  41.0   1:00am  30.2  11:56pm   28    0  0.00   6  27  10:15am  NW 29.92   60
27   41.2  54.0   2:35pm  29.2   4:02am   24    0  0.00   3  22   1:58pm  SW 30.32   57
28   48.3  59.9   1:35pm  38.9  12:56am   17    0  0.00   1  10   2:37pm   S 30.26   79
---------------------------------------------------------------------------------------
TOT  46.7  70.8  2/24/17  12.7  2/10/17  775    1  0.99   3  36  2/13/17   S 29.99   74

HEAT BASE: 65.0
COOL BASE: 65.0