NOAA-Style Climate Reports

Select a Year or Month report
2022: Jan Feb Mar Apr May Jun Jul Aug Sep Oct Nov Dec
2021: Jan Feb Mar Apr May Jun Jul Aug Sep Oct Nov Dec
2020: Jan Feb Mar Apr May Jun Jul Aug Sep Oct Nov Dec
2019: Jan Feb Mar Apr May Jun Jul Aug Sep Oct Nov Dec
2018: Jan Feb Mar Apr May Jun Jul Aug Sep Oct Nov Dec
2017: Jan Feb Mar Apr May Jun Jul Aug Sep Oct Nov Dec
2016: Jan Feb Mar Apr May Jun Jul Aug Sep Oct Nov Dec
2015: Jan Feb Mar Apr May Jun Jul Aug Sep Oct Nov Dec
2014: Jan Feb Mar Apr May Jun Jul Aug Sep Oct Nov Dec
2013: Jan Feb Mar Apr May Jun Jul Aug Sep Oct Nov Dec
2012: Jan Feb Mar Apr May Jun Jul Aug Sep Oct Nov Dec
2011: Jan Feb Mar Apr May Jun Jul Aug Sep Oct Nov Dec
2010: Jan Feb Mar Apr May Jun Jul Aug Sep Oct Nov Dec
2009: Jan Feb Mar Apr May Jun Jul Aug Sep Oct Nov Dec

Report for 2017 April
                  MONTHLY CLIMATOLOGICAL SUMMARY FOR 4/2017
                                        HEAT  COOL        
     MEAN                               DEG   DEG       WIND SPEED       DOM MEAN  MEAN
DAY  TEMP  HIGH   TIME     LOW   TIME   DAYS  DAYS RAIN AVG  HI  TIME    DIR BAROM HUM
---------------------------------------------------------------------------------------
1    36.9  41.1   3:26pm  33.9  12:07am   28    0  0.39   6  25   2:00pm   N 29.84   92
2    48.3  61.2   3:48pm  37.8   2:10am   17    0  0.00   3  24   3:11pm  NW 30.03   62
3    51.3  64.4   3:52pm  38.7   6:57am   14    0  0.00   2  15  12:11am SSW 30.03   56
4    44.6  49.5  12:00am  41.2  11:46pm   20    0  1.05   2  16   1:15pm ENE 29.72   93
5    46.7  56.5   4:52pm  40.4   6:25am   18    0  0.01   1  13   3:59pm   N 29.89   84
6    41.8  44.0  12:00am  39.4   8:30am   23    0  0.91   3  16   4:31pm  NE 29.65   93
7    46.1  53.3   2:47pm  40.1  11:32pm   19    0  0.02   5  28   6:07pm  SW 29.32   79
8    44.1  52.8   3:10pm  38.8   6:26am   21    0  0.00   7  27   1:05am WNW 29.73   56
9    52.8  71.4   3:48pm  37.8   6:34am   13    1  0.00   2  16  11:58am SSW 30.07   42
10   60.0  76.7   3:04pm  44.5   6:11am    8    3  0.00   2  15   3:33pm SSW 30.11   51
11   65.9  86.3   2:26pm  51.7   6:17am    4    5  0.00   2  14   2:33pm SSW 30.07   61
12   60.5  68.6  10:55am  50.7  11:58pm    5    1  0.04   1  20  12:03pm  NW 30.12   76
13   51.8  61.4   4:54pm  43.1   5:33am   13    0  0.00   3  22   9:52am NNW 30.29   54
14   53.6  66.6   2:54pm  40.5   6:21am   11    0  0.00   1  12  10:52am ENE 30.35   47
15   54.6  67.3   1:20pm  41.5   6:45am   11    0  0.02   3  19   2:55pm SSW 30.25   62
16   68.7  85.9   3:31pm  52.6   3:57am    4    7  0.10   4  30   7:56pm  SW 29.84   70
17   65.2  75.1   1:25pm  55.6  11:59pm    2    2  0.00   5  25  10:46pm  NW 29.90   55
18   52.9  64.7   3:51pm  44.4  11:58pm   12    0  0.00   2  17  12:49am   S 30.34   57
19   46.2  51.4  11:46am  41.9   6:18am   19    0  0.07   2  14  11:02am   S 30.42   76
20   55.0  67.7   3:12pm  45.5  12:00am   10    0  0.03   1  12  11:52pm  SW 30.09   82
21   50.4  55.4  12:00am  48.5   5:30am   15    0  0.31   1  11  12:03am  NE 29.97   93
22   49.6  55.2   5:45pm  45.4   6:35am   15    0  0.05   2  12   3:02am NNW 29.92   88
23   55.1  69.0   3:30pm  43.0   6:28am   10    0  0.00   2  12   8:56am SSW 30.05   62
24   56.3  70.1   1:52pm  43.0   6:15am    9    1  0.00   1   6   2:24pm   S 30.13   66
25   52.4  56.3   1:10pm  49.0  10:56pm   13    0  0.52   3  15  12:37pm  NE 30.11   86
26   54.8  61.8   4:30pm  48.7   1:45am   10    0  0.34   3  17   4:49am   N 29.82   95
27   61.8  68.2   5:10pm  56.9   5:38am    4    1  0.00   0   7   6:51pm SSW 29.87   88
28   68.5  84.7   3:56pm  58.7  12:03am    2    6  0.01   1  11   5:41pm  SW 29.93   79
29   71.9  84.4   2:01pm  62.8   5:48am    0    7  0.06   2  22   5:33pm  SW 29.95   63
30   56.5  64.5  12:00am  49.6  10:13pm    8    0  0.02   2  21   1:09am  NE 30.20   58
---------------------------------------------------------------------------------------
TOT  54.2  86.3  4/11/17  33.9   4/1/17  359   34  3.95   2  28   4/7/17 SSW 30.00   71

HEAT BASE: 65.0
COOL BASE: 65.0