NOAA-Style Climate Reports

Select a Year or Month report
2022: Jan Feb Mar Apr May Jun Jul Aug Sep Oct Nov Dec
2021: Jan Feb Mar Apr May Jun Jul Aug Sep Oct Nov Dec
2020: Jan Feb Mar Apr May Jun Jul Aug Sep Oct Nov Dec
2019: Jan Feb Mar Apr May Jun Jul Aug Sep Oct Nov Dec
2018: Jan Feb Mar Apr May Jun Jul Aug Sep Oct Nov Dec
2017: Jan Feb Mar Apr May Jun Jul Aug Sep Oct Nov Dec
2016: Jan Feb Mar Apr May Jun Jul Aug Sep Oct Nov Dec
2015: Jan Feb Mar Apr May Jun Jul Aug Sep Oct Nov Dec
2014: Jan Feb Mar Apr May Jun Jul Aug Sep Oct Nov Dec
2013: Jan Feb Mar Apr May Jun Jul Aug Sep Oct Nov Dec
2012: Jan Feb Mar Apr May Jun Jul Aug Sep Oct Nov Dec
2011: Jan Feb Mar Apr May Jun Jul Aug Sep Oct Nov Dec
2010: Jan Feb Mar Apr May Jun Jul Aug Sep Oct Nov Dec
2009: Jan Feb Mar Apr May Jun Jul Aug Sep Oct Nov Dec

Report for 2017 July
                  MONTHLY CLIMATOLOGICAL SUMMARY FOR 7/2017
                                        HEAT  COOL        
     MEAN                               DEG   DEG       WIND SPEED       DOM MEAN  MEAN
DAY  TEMP  HIGH   TIME     LOW   TIME   DAYS  DAYS RAIN AVG  HI  TIME    DIR BAROM HUM
---------------------------------------------------------------------------------------
1    75.3  84.3  12:21pm  68.3   4:46am    0   10  0.01   1  11   2:09pm SSW 29.90   88
2    79.8  90.3   3:38pm  70.8   5:52am    0   15  0.02   1  17  10:00pm WSW 29.90   71
3    77.8  86.9   3:51pm  66.6   5:49am    0   13  0.00   1  13  12:33pm WNW 29.92   67
4    76.1  85.4   3:03pm  65.5   6:16am    0   11  0.00   1  10  11:10am NNW 30.03   57
5    75.0  88.1   2:44pm  62.6   5:43am    0   10  0.00   1  10   6:53pm  SW 30.16   59
6    70.8  78.5  11:53am  62.6   5:48am    0    6  0.00   0   7  12:07pm  SW 30.09   72
7    67.6  72.1   7:15pm  64.4  12:11pm    0    3  0.72   1  11   4:59pm  NW 29.80   91
8    74.0  85.9   4:18pm  66.4   4:30am    0    9  0.02   1  25   6:12pm  SW 29.71   82
9    73.7  83.4   3:32pm  62.1   5:55am    0    9  0.00   2  15   9:03am   W 29.93   61
10   76.0  86.8   2:40pm  63.2   5:02am    0   11  0.00   1  14   1:56pm  SW 30.00   65
11   76.5  86.7   1:55pm  69.2   6:14am    0   11  0.60   1  13   6:19pm WSW 29.91   82
12   78.3  90.5   3:05pm  70.6   4:22am    0   13  0.03   0  18   6:03pm WSW 29.93   84
13   74.4  89.5  12:09pm  62.1  10:24pm    0   10  0.28   1  18   3:51pm ENE 29.97   87
14   62.8  65.4   7:58pm  60.0   5:30am    2    0  0.08   0  10  12:47am ENE 30.05   94
15   72.7  83.7   3:46pm  64.3   1:04am    0    8  0.01   1  11   6:22pm   W 29.89   82
16   77.7  89.2   4:11pm  64.6   5:30am    0   13  0.00   0   7   3:30pm   W 29.91   69
17   77.8  87.3  12:47pm  68.1   5:55am    0   13  0.00   1  11  12:45pm  SW 30.02   75
18   80.1  90.8   3:49pm  72.1  12:23am    0   15  0.00   1  11   5:59pm  SW 30.04   78
19   82.8  93.9   2:30pm  72.5   5:38am    0   18  0.00   1  14   2:36pm   W 29.97   69
20   82.1  94.2   4:14pm  71.3   5:52am    0   17  0.00   1  17   6:23pm WSW 29.89   68
21   80.5  91.1   3:30pm  69.5   6:12am    0   15  0.00   1  14  10:28am   W 29.83   71
22   78.5  88.1   3:56pm  70.9   6:26am    0   14  0.00   0  14   3:31am   W 29.81   68
23   75.9  83.6   3:26pm  70.2  11:54pm    0   11  0.01   1  15  10:38am  NE 29.79   67
24   62.1  70.2  12:00am  56.9  12:11pm    4    1  0.89   2  16  11:47am ENE 29.87   86
25   62.3  67.7   2:58pm  57.7   6:06am    3    0  0.00   1  10  12:23am  NE 30.09   85
26   69.2  82.8   3:18pm  55.6   6:04am    2    6  0.00   0  11   4:56pm WSW 30.17   73
27   68.9  74.8   6:08pm  61.7   5:56am    1    4  0.00   0   6   8:58am  SW 29.96   85
28   75.6  85.5   3:40pm  65.3   6:25am    0   11  0.00   1  10   9:48pm  NE 29.82   74
29   69.0  76.3   4:04pm  63.0  11:58pm    0    4  0.00   2  21   3:14pm  NE 29.83   64
30   71.0  83.9   4:13pm  56.6   6:19am    2    8  0.00   1  12  11:39am  NE 29.96   62
31   74.7  90.2   4:03pm  58.9   5:51am    1   11  0.00   0   9  12:19pm WSW 30.01   66
---------------------------------------------------------------------------------------
TOT  74.2  94.2  7/20/17  55.6  7/26/17   16  300  2.67   1  25   7/8/17 WSW 29.94   74

HEAT BASE: 65.0
COOL BASE: 65.0