NOAA-Style Climate Reports

Select a Year or Month report
2022: Jan Feb Mar Apr May Jun Jul Aug Sep Oct Nov Dec
2021: Jan Feb Mar Apr May Jun Jul Aug Sep Oct Nov Dec
2020: Jan Feb Mar Apr May Jun Jul Aug Sep Oct Nov Dec
2019: Jan Feb Mar Apr May Jun Jul Aug Sep Oct Nov Dec
2018: Jan Feb Mar Apr May Jun Jul Aug Sep Oct Nov Dec
2017: Jan Feb Mar Apr May Jun Jul Aug Sep Oct Nov Dec
2016: Jan Feb Mar Apr May Jun Jul Aug Sep Oct Nov Dec
2015: Jan Feb Mar Apr May Jun Jul Aug Sep Oct Nov Dec
2014: Jan Feb Mar Apr May Jun Jul Aug Sep Oct Nov Dec
2013: Jan Feb Mar Apr May Jun Jul Aug Sep Oct Nov Dec
2012: Jan Feb Mar Apr May Jun Jul Aug Sep Oct Nov Dec
2011: Jan Feb Mar Apr May Jun Jul Aug Sep Oct Nov Dec
2010: Jan Feb Mar Apr May Jun Jul Aug Sep Oct Nov Dec
2009: Jan Feb Mar Apr May Jun Jul Aug Sep Oct Nov Dec

Report for 2017 September
                  MONTHLY CLIMATOLOGICAL SUMMARY FOR 9/2017
                                        HEAT  COOL        
     MEAN                               DEG   DEG       WIND SPEED       DOM MEAN  MEAN
DAY  TEMP  HIGH   TIME     LOW   TIME   DAYS  DAYS RAIN AVG  HI  TIME    DIR BAROM HUM
---------------------------------------------------------------------------------------
1    59.8  69.2   3:09pm  50.6   6:46am    6    1  0.00   3  19   9:42am WNW 30.05   56
2
3
4    68.3  81.9   3:20pm  55.6   6:02am    2    5  0.01   2  15   2:56pm  SW 29.86   77
5    74.1  86.4   2:50pm  66.8   4:24am    0    9  0.36   1  14   8:20pm  SW 29.76   81
6    65.4  70.4   9:07am  60.6  11:48pm    1    2  0.36   1  17  11:26am  NW 29.85   94
7    64.4  74.8   3:14pm  58.1  11:56pm    3    2  0.29   1  15   3:55pm  SW 29.83   82
8    61.6  71.8   2:16pm  53.3   6:46am    5    2  0.21   1  18   7:43pm WSW 30.04   78
9    59.9  71.7   3:45pm  51.2   6:51am    6    1  0.00   1  15  10:50am  NW 30.20   79
10   62.1  74.4   3:41pm  51.4   6:06am    5    2  0.00   1  16  11:23am  NW 30.30   71
11   63.3  79.7   3:49pm  49.7   6:55am    5    3  0.00   1  11  12:57pm WNW 30.22   72
12   67.0  85.5   3:49pm  53.3   6:51am    3    5  0.00   0  11   2:40pm WSW 29.97   73
13   69.5  84.2   3:26pm  56.8   7:02am    2    7  0.00   0   7   2:11pm WSW 29.86   74
14   73.2  80.6   3:49pm  67.7   6:28am    0    8  0.02   0   9   3:48pm WSW 29.85   84
15   73.5  81.8   1:14pm  67.8   6:38am    0    9  0.00   0   9  12:29pm WSW 30.00   82
16   72.0  84.3   3:46pm  65.6   3:42am    0    7  0.00   0   5  11:34am  NE 30.11   84
17   71.4  84.8   3:50pm  64.7   4:55am    0    6  0.00   0   5   1:16pm WNW 30.12   85
18   69.5  75.5   3:53pm  63.7   7:02am    0    5  0.00   1  10   1:57pm ENE 30.11   87
19   69.7  74.3   1:12pm  66.8   8:08am    0    5  0.01   2  17   3:18pm ENE 30.00   87
20   72.5  75.9   2:38pm  69.5   5:53am    0    7  0.00   3  24   3:14pm   N 29.86   82
21   71.9  75.5   2:02pm  67.1  10:39pm    0    7  0.00   2  19   9:31am   N 29.96   72
22   69.5  76.5   3:43pm  63.3   6:58am    0    5  0.00   4  23  10:46am NNW 29.97   61
23   74.0  84.7   3:42pm  66.1   7:01am    0    9  0.00   2  15   1:03am  NW 29.99   58
24   74.8  89.0   3:46pm  62.1   6:27am    0   10  0.00   0   9  12:11pm NNW 30.02   72
25   76.5  88.0   4:26pm  67.1   6:49am    0   11  0.00   0   7   8:25am ENE 30.02   77
26   74.1  86.1   4:01pm  65.7   6:53am    0    9  0.00   0   5  11:28am  NE 29.99   81
27   74.9  87.9   3:26pm  64.6   6:53am    0   10  0.00   0   7   4:48pm WSW 29.86   85
28   70.2  75.8   3:46pm  58.5  11:59pm    1    6  0.00   3  22   1:41pm  NW 29.76   65
29   57.8  67.6   4:26pm  48.9   6:20am    7    0  0.00   1  13   2:50pm   W 29.99   66
30   53.7  59.1   1:48pm  51.3   6:52am   11    0  0.03   2  18   3:17pm NNW 30.15   87
---------------------------------------------------------------------------------------
TOT  68.1  89.0  9/24/17  45.5   9/2/17   58  152  1.89   1  22  9/22/17  NW 30.00   77

HEAT BASE: 65.0
COOL BASE: 65.0