NOAA-Style Climate Reports

Select a Year or Month report
2022: Jan Feb Mar Apr May Jun Jul Aug Sep Oct Nov Dec
2021: Jan Feb Mar Apr May Jun Jul Aug Sep Oct Nov Dec
2020: Jan Feb Mar Apr May Jun Jul Aug Sep Oct Nov Dec
2019: Jan Feb Mar Apr May Jun Jul Aug Sep Oct Nov Dec
2018: Jan Feb Mar Apr May Jun Jul Aug Sep Oct Nov Dec
2017: Jan Feb Mar Apr May Jun Jul Aug Sep Oct Nov Dec
2016: Jan Feb Mar Apr May Jun Jul Aug Sep Oct Nov Dec
2015: Jan Feb Mar Apr May Jun Jul Aug Sep Oct Nov Dec
2014: Jan Feb Mar Apr May Jun Jul Aug Sep Oct Nov Dec
2013: Jan Feb Mar Apr May Jun Jul Aug Sep Oct Nov Dec
2012: Jan Feb Mar Apr May Jun Jul Aug Sep Oct Nov Dec
2011: Jan Feb Mar Apr May Jun Jul Aug Sep Oct Nov Dec
2010: Jan Feb Mar Apr May Jun Jul Aug Sep Oct Nov Dec
2009: Jan Feb Mar Apr May Jun Jul Aug Sep Oct Nov Dec

Report for 2017 November
                  MONTHLY CLIMATOLOGICAL SUMMARY FOR 11/2017
                                        HEAT  COOL        
     MEAN                               DEG   DEG       WIND SPEED       DOM MEAN  MEAN
DAY  TEMP  HIGH   TIME     LOW   TIME   DAYS  DAYS RAIN AVG  HI  TIME    DIR BAROM HUM
---------------------------------------------------------------------------------------
1    41.7  45.1   3:51pm  35.6   7:41am   23    0  0.01   0   5   1:21pm   W 30.31   87
2    58.3  71.1   2:57pm  44.2  12:00am    8    1  0.00   1  11   3:20pm SSW 30.23   86
3    63.0  75.1   2:00pm  50.0  11:55pm    4    2  0.00   2  21   5:24pm SSW 30.04   81
4    48.5  56.7   3:25pm  41.0   7:58am   16    0  0.00   1  13  12:18am NNW 30.29   67
5    49.2  52.5   1:47pm  44.6   3:43am   16    0  0.03   0   7   3:24am NNW 30.22   90
6    58.3  66.2   2:47pm  45.5  11:55pm    7    0  0.03   2  27   4:19pm  SW 29.92   91
7    43.6  47.1  11:39am  37.0  11:55pm   21    0  0.12   2  15   5:34pm NNW 30.17   78
8    39.8  47.0   2:17pm  33.7  11:18pm   25    0  0.00   2  17   7:15am NNW 30.24   83
9    41.0  51.3   2:24pm  29.0   6:45am   24    0  0.00   0   9   1:32pm SSW 30.13   81
10   35.4  50.3   1:00am  24.6  11:59pm   30    0  0.02   7  33   6:06am  NW 30.16   54
11
12
13
14
15   38.6  47.4   2:27pm  29.3   6:45am   25    0  0.00   0   6  12:51pm  NW 30.22   76
16   43.5  49.4   2:49pm  40.1   5:22am   21    0  0.19   1  22   4:06pm   W 29.83   89
17   39.1  43.7   2:15pm  30.2  11:37pm   26    0  0.00   5  29   3:52am  NW 29.95   61
18   35.6  45.0  11:57pm  26.8   7:03am   29    0  0.09   0   9   1:20am WSW 29.79   76
19   48.7  57.5   8:20am  37.7  11:15pm   16    0  0.23   5  35  10:07am WNW 29.40   76
20
21   47.1  57.9   2:00pm  33.6   5:39am   16    0  0.00   2  21  11:28am   W 30.04   65
22   44.8  49.7  11:14am  36.4  11:54pm   20    0  0.24   2  23   7:05pm  NW 29.91   83
23   35.8  43.8   1:08pm  31.1   7:06am   29    0  0.00   1  14   1:19am WNW 30.01   63
24   39.1  50.8   1:55pm  29.3   7:14am   26    0  0.00   1   9   2:01pm SSW 29.97   67
25   46.4  58.1   1:01pm  36.2   3:45am   19    0  0.00   1  12   1:02pm SSW 29.73   68
26   43.1  49.0   1:30am  32.5  11:59pm   22    0  0.00   4  27  10:04am  NW 29.84   62
27   39.1  47.8   1:21pm  32.0   2:17am   26    0  0.00   3  22   1:10pm  NW 30.02   62
28   37.1  46.8  11:57pm  26.7   7:13am   28    0  0.00   1  11   1:15pm SSW 30.34   70
29   48.2  62.2   1:15pm  37.9  11:57pm   17    0  0.00   3  32   1:52pm  NW 30.10   69
30   38.9  45.0   3:09pm  30.3   7:22am   26    0  0.01   1  10   3:00am NNW 30.21   71
---------------------------------------------------------------------------------------
TOT  44.0  75.1  11/3/17  24.6 11/10/17  521    3  1.07   2  32 11/19/17  NW 30.04   74

HEAT BASE: 65.0
COOL BASE: 65.0