NOAA-Style Climate Reports

Select a Year or Month report
2022: Jan Feb Mar Apr May Jun Jul Aug Sep Oct Nov Dec
2021: Jan Feb Mar Apr May Jun Jul Aug Sep Oct Nov Dec
2020: Jan Feb Mar Apr May Jun Jul Aug Sep Oct Nov Dec
2019: Jan Feb Mar Apr May Jun Jul Aug Sep Oct Nov Dec
2018: Jan Feb Mar Apr May Jun Jul Aug Sep Oct Nov Dec
2017: Jan Feb Mar Apr May Jun Jul Aug Sep Oct Nov Dec
2016: Jan Feb Mar Apr May Jun Jul Aug Sep Oct Nov Dec
2015: Jan Feb Mar Apr May Jun Jul Aug Sep Oct Nov Dec
2014: Jan Feb Mar Apr May Jun Jul Aug Sep Oct Nov Dec
2013: Jan Feb Mar Apr May Jun Jul Aug Sep Oct Nov Dec
2012: Jan Feb Mar Apr May Jun Jul Aug Sep Oct Nov Dec
2011: Jan Feb Mar Apr May Jun Jul Aug Sep Oct Nov Dec
2010: Jan Feb Mar Apr May Jun Jul Aug Sep Oct Nov Dec
2009: Jan Feb Mar Apr May Jun Jul Aug Sep Oct Nov Dec

Report for 2017 December
                  MONTHLY CLIMATOLOGICAL SUMMARY FOR 12/2017
                                        HEAT  COOL        
     MEAN                               DEG   DEG       WIND SPEED       DOM MEAN  MEAN
DAY  TEMP  HIGH   TIME     LOW   TIME   DAYS  DAYS RAIN AVG  HI  TIME    DIR BAROM HUM
---------------------------------------------------------------------------------------
1    44.5  49.1  11:21am  38.4  11:58pm   21    0  0.03   3  23  10:32am  NW 30.13   75
2    36.9  44.5   1:59pm  30.1   5:46am   28    0  0.00   0   6  12:42pm  NE 30.26   78
3    36.7  42.3   3:00pm  30.9   6:42am   28    0  0.00   0   4   2:36am NNE 30.23   83
4    38.9  49.2   1:25pm  29.4   7:09am   26    0  0.00   0   5   9:40am WSW 30.40   81
5    49.8  58.9   9:25pm  38.9  12:00am   15    0  0.38   2  19   9:03pm   S 30.12   91
6    45.6  56.8  12:13am  36.8   9:04pm   19    0  0.04   3  24   4:13am  SW 29.87   71
7    38.4  46.5   1:19pm  31.0   6:55am   27    0  0.00   2  17  12:48pm  SW 29.93   58
8    35.0  39.3   1:12pm  29.4   7:14am   30    0  0.00   1   9   1:19pm WSW 30.00   63
9    32.7  35.0  12:02am  30.6   5:43pm   32    0  0.00   1  11   4:37pm   N 29.84   81
10   33.4  39.7   1:24pm  28.4   7:40am   32    0  0.08   1  15  11:35pm  SW 29.82   80
11   35.2  42.1   1:21pm  32.0   5:35am   30    0  0.11   1  15  12:35am WSW 29.97   69
12   35.0  37.9  12:43pm  30.1  11:56pm   30    0  0.33   1  24   9:10pm  NW 29.57   87
13   24.5  30.1  12:00am  20.2   7:28am   41    0  0.00   5  27   1:34pm WSW 29.46   59
14   23.9  30.0   1:18pm  17.4  11:51pm   41    0  0.00   2  24   2:23pm WNW 29.76   68
15   20.9  25.8   1:58pm  14.0   5:03am   44    0  0.00   0   5   9:21am   W 29.99   74
16   27.7  36.3   3:04pm  19.4   7:48am   37    0  0.01   2  16   8:46pm WSW 29.98   74
17   26.5  33.4   2:26pm  17.1   6:26am   38    0  0.00   1  13  11:07am WNW 30.25   64
18   32.7  39.3  11:56pm  28.5   5:08am   32    0  0.01   0   9  10:35pm NNE 30.04   66
19   46.3  53.4   1:32pm  39.2  12:05am   19    0  0.04   3  17   3:01pm  SW 29.76   73
20   39.3  48.1  12:00am  32.9  11:57pm   26    0  0.00   3  21   2:58pm WNW 29.84   63
21   32.7  37.7   1:32pm  30.1   7:23am   32    0  0.00   2  15   8:09am  NW 30.16   52
22   30.4  33.2   1:04pm  27.6  11:02pm   35    0  0.00   2  13   4:59pm  NE 30.26   69
23   32.0  37.1  11:29pm  27.8  12:07am   33    0  0.02   1  15  11:24pm  NE 29.91   94
24   34.9  37.2  12:40pm  31.6  11:50pm   30    0  0.00   3  18   3:49am  NE 30.11   80
25   31.6  36.7  12:24pm  26.2  11:47pm   33    0  0.04   4  30  12:05pm WSW 29.82   80
26   23.7  28.3   1:31pm  16.8  11:59pm   41    0  0.00   3  21  12:16pm WSW 30.31   55
27   17.2  23.5  12:51pm  12.4  11:50pm   48    0  0.00   2  17   2:41pm WNW 30.44   60
28   10.4  14.0   1:23pm   6.4   8:06am   55    0  0.00   5  30   3:09pm  NW 30.44   58
29   12.1  19.4   1:29pm   6.3   3:36am   53    0  0.00   2  20   3:32pm WNW 30.25   60
30   13.4  18.8   4:00pm   8.8   3:48am   52    0  0.00   0   3  12:03am  NW 30.04   82
31   10.4  14.1   5:26am   6.3  11:55pm   55    0  0.00   3  27  11:44am WNW 30.18   66
---------------------------------------------------------------------------------------
TOT  30.7  58.9  12/5/17   6.3 12/29/17 1062    0  1.09   2  30 12/28/17  SW 30.04   71

HEAT BASE: 65.0
COOL BASE: 65.0