NOAA-Style Climate Reports

Select a Year or Month report
2022: Jan Feb Mar Apr May Jun Jul Aug Sep Oct Nov Dec
2021: Jan Feb Mar Apr May Jun Jul Aug Sep Oct Nov Dec
2020: Jan Feb Mar Apr May Jun Jul Aug Sep Oct Nov Dec
2019: Jan Feb Mar Apr May Jun Jul Aug Sep Oct Nov Dec
2018: Jan Feb Mar Apr May Jun Jul Aug Sep Oct Nov Dec
2017: Jan Feb Mar Apr May Jun Jul Aug Sep Oct Nov Dec
2016: Jan Feb Mar Apr May Jun Jul Aug Sep Oct Nov Dec
2015: Jan Feb Mar Apr May Jun Jul Aug Sep Oct Nov Dec
2014: Jan Feb Mar Apr May Jun Jul Aug Sep Oct Nov Dec
2013: Jan Feb Mar Apr May Jun Jul Aug Sep Oct Nov Dec
2012: Jan Feb Mar Apr May Jun Jul Aug Sep Oct Nov Dec
2011: Jan Feb Mar Apr May Jun Jul Aug Sep Oct Nov Dec
2010: Jan Feb Mar Apr May Jun Jul Aug Sep Oct Nov Dec
2009: Jan Feb Mar Apr May Jun Jul Aug Sep Oct Nov Dec

Report for 2018 March
                  MONTHLY CLIMATOLOGICAL SUMMARY FOR 3/2018
                                        HEAT  COOL        
     MEAN                               DEG   DEG       WIND SPEED       DOM MEAN  MEAN
DAY  TEMP  HIGH   TIME     LOW   TIME   DAYS  DAYS RAIN AVG  HI  TIME    DIR BAROM HUM
---------------------------------------------------------------------------------------
1    50.8  60.5   1:33pm  40.0   6:39am   14    0  0.06   2  17  10:46pm ENE 29.77   67
2    40.1  44.4  12:00am  36.9   8:16am   25    0  1.08  10  40   2:01pm   N 29.42   90
3    43.0  49.1  12:17pm  39.3   6:52am   22    0  0.00   8  30  12:09am   N 29.91   65
4    39.6  44.4   1:10pm  33.4  10:19pm   25    0  0.00   6  23   9:02am  NW 30.04   68
5    37.6  45.1   4:19pm  33.7   6:25am   27    0  0.01   4  22   2:55pm NNW 30.00   75
6    37.8  46.6   4:12pm  30.1   6:27am   27    0  0.00   1  12   1:46pm   S 30.01   66
7    34.1  37.5  12:00pm  32.4   5:37am   31    0  0.08   4  22   8:27pm   N 29.76   89
8    35.6  40.0   3:06pm  31.5  11:58pm   29    0  0.55   2  19  11:55am WNW 29.62   85
9    34.1  40.2   3:56pm  27.8   4:33am   31    0  0.14   3  22   5:04pm WSW 29.67   74
10   35.5  40.2  12:40pm  29.7   5:27am   29    0  0.05   5  25   9:04am WNW 29.84   65
11   36.5  44.1   3:42pm  30.4   7:01am   27    0  0.03   3  18   2:47pm WNW 30.01   62
12   36.2  44.1   1:43pm  26.4   6:24am   29    0  0.00   2  18   7:47pm ENE 29.97   70
13   34.2  38.2  12:00am  32.1  11:24am   31    0  0.10   5  24   8:35am NNW 29.58   91
14   34.6  41.3   1:42pm  29.6   7:00am   30    0  0.13   4  25   2:38pm  SW 29.47   76
15   37.2  45.2   4:28pm  31.9   7:31am   28    0  0.07   5  27   5:32am WNW 29.46   63
16   33.5  38.1   2:22pm  29.3  10:58pm   32    0  0.00   7  39   6:53pm WNW 29.65   55
17   34.4  46.5   4:23pm  27.1   6:52am   31    0  0.00   5  29   4:26pm WNW 29.74   50
18   28.7  36.3   4:30pm  20.5   7:04am   36    0  0.00   4  27   2:45pm  NW 29.88   40
19   33.1  40.5   4:21pm  27.9   7:30am   32    0  0.00   3  21  12:38pm  NW 29.92   40
20   33.6  41.4   4:30pm  24.3   7:00am   31    0  0.00   2  14   4:30pm  NE 29.92   45
21   35.9  40.1   5:11pm  33.3   9:55am   29    0  0.00   6  25   2:22pm  NE 29.72   59
22   42.4  52.8   3:45pm  34.3   3:43am   23    0  0.03   6  32   5:02pm NNW 29.73   60
23   41.6  49.7   2:35pm  35.2   4:46am   23    0  0.00   3  21   5:26pm  NW 29.94   53
24   41.9  50.4   3:37pm  33.3   7:02am   23    0  0.00   3  24   1:24pm  NW 30.03   51
25   38.3  44.8   3:34pm  32.1  11:57pm   27    0  0.00   4  20  10:43am  NE 30.38   59
26   37.8  49.8   3:47pm  27.8   4:42am   27    0  0.00   2  16  12:27pm ENE 30.66   53
27   39.3  50.1   3:49pm  26.3   6:29am   26    0  0.00   1   9   9:50am WSW 30.46   50
28   47.4  58.7   4:54pm  38.8   7:03am   18    0  0.02   1   9   5:14am WNW 30.02   68
29   49.3  55.0   1:40pm  42.7   4:31am   16    0  0.00   0   6   9:07am  NE 29.98   82
30   51.0  58.6   2:36pm  43.6  11:56pm   14    0  0.06   3  22   8:15pm  NW 29.75   88
31   46.5  61.8   3:36pm  37.3   6:49am   18    0  0.00   3  16   1:21am   S 30.13   51
---------------------------------------------------------------------------------------
TOT  38.8  61.8  3/31/18  20.5  3/18/18  812    0  2.41   4  40   3/2/18  NW 29.88   65

HEAT BASE: 65.0
COOL BASE: 65.0