NOAA-Style Climate Reports

Select a Year or Month report
2022: Jan Feb Mar Apr May Jun Jul Aug Sep Oct Nov Dec
2021: Jan Feb Mar Apr May Jun Jul Aug Sep Oct Nov Dec
2020: Jan Feb Mar Apr May Jun Jul Aug Sep Oct Nov Dec
2019: Jan Feb Mar Apr May Jun Jul Aug Sep Oct Nov Dec
2018: Jan Feb Mar Apr May Jun Jul Aug Sep Oct Nov Dec
2017: Jan Feb Mar Apr May Jun Jul Aug Sep Oct Nov Dec
2016: Jan Feb Mar Apr May Jun Jul Aug Sep Oct Nov Dec
2015: Jan Feb Mar Apr May Jun Jul Aug Sep Oct Nov Dec
2014: Jan Feb Mar Apr May Jun Jul Aug Sep Oct Nov Dec
2013: Jan Feb Mar Apr May Jun Jul Aug Sep Oct Nov Dec
2012: Jan Feb Mar Apr May Jun Jul Aug Sep Oct Nov Dec
2011: Jan Feb Mar Apr May Jun Jul Aug Sep Oct Nov Dec
2010: Jan Feb Mar Apr May Jun Jul Aug Sep Oct Nov Dec
2009: Jan Feb Mar Apr May Jun Jul Aug Sep Oct Nov Dec

Report for 2018 April
                  MONTHLY CLIMATOLOGICAL SUMMARY FOR 4/2018
                                        HEAT  COOL        
     MEAN                               DEG   DEG       WIND SPEED       DOM MEAN  MEAN
DAY  TEMP  HIGH   TIME     LOW   TIME   DAYS  DAYS RAIN AVG  HI  TIME    DIR BAROM HUM
---------------------------------------------------------------------------------------
1    46.9  58.1  12:16pm  37.6  11:55pm   18    0  0.00   4  23  12:46pm SSW 29.97   57
2    36.5  42.3   5:51pm  31.8   8:54am   28    0  0.25   0  10   4:05am  NE 30.11   75
3    37.2  42.3  11:17am  31.1   4:39am   28    0  0.43   1   9  10:49am SSW 30.09   90
4    44.2  55.0   5:49pm  38.6   1:27am   21    0  0.12   3  36   9:39pm  SW 29.57   83
5    36.9  45.1   2:36pm  31.2  11:55pm   28    0  0.00   6  29   1:01am WNW 29.96   47
6    34.6  43.0   6:35pm  25.8   6:27am   30    0  0.16   1  11  10:04pm WSW 29.93   85
7    40.1  48.4   3:08pm  33.9  11:57pm   25    0  0.01   3  22  10:40am  NW 29.82   64
8    36.3  47.1   2:55pm  29.3   6:35am   29    0  0.00   5  27  11:28pm   N 29.87   50
9    38.2  49.7   3:48pm  28.1   5:58am   27    0  0.00   2  19  12:32am WNW 30.11   48
10   38.5  43.8   5:20pm  35.1   9:26am   26    0  0.11   1  10   5:41pm NNW 30.14   81
11   41.6  55.3   3:23pm  28.9   6:30am   23    0  0.00   1  16   1:46pm  SW 30.12   58
12   47.0  58.4   2:17pm  34.1   6:02am   18    0  0.01   1  14   3:29pm   S 29.97   70
13   58.9  71.7   5:56pm  48.7   6:39am    7    1  0.01   1  19  12:44am  SW 29.84   67
14   56.7  74.8   3:23pm  42.1  11:57pm    9    1  0.00   3  24   8:05pm ENE 29.98   65
15   38.1  42.1  12:00am  33.5  11:04pm   27    0  0.00   6  22  11:37am ENE 30.33   74
16   39.8  48.0  10:12pm  33.4  12:46am   25    0  3.04   3  15  11:28am  NE 29.80   96
17   43.3  49.8   2:26pm  36.6  11:58pm   22    0  0.02   3  21   5:05pm   W 29.57   78
18   42.9  53.9   3:51pm  33.2   2:40am   22    0  0.00   2  20   2:16pm WNW 29.71   68
19   40.6  45.1   5:12pm  38.1   1:35am   24    0  0.16   3  22   6:10pm WNW 29.75   82
20   42.6  53.5   3:53pm  34.2   5:46am   22    0  0.00   6  26  11:10am  NW 30.09   59
21   49.2  62.0   3:44pm  36.9   6:39am   16    0  0.00   4  23   5:19pm WNW 30.29   46
22   53.6  65.6   3:18pm  39.5   6:39am   11    0  0.00   2  17  12:18pm  NW 30.33   33
23   53.2  70.1   3:54pm  37.8   6:19am   12    0  0.00   1  15   5:37pm   S 30.42   39
24   54.4  67.3   2:36pm  38.7   6:18am   11    0  0.00   2  13   1:36pm SSW 30.32   57
25   54.9  58.7   4:17pm  50.0   8:18am   10    0  1.44   0   6   1:36am NNE 29.88   90
26   58.9  67.1   3:39pm  51.5  11:55pm    6    0  0.10   2  20   1:43pm WNW 29.67   76
27   52.0  57.7  11:41am  47.2   3:42am   13    0  0.23   0   7   1:35pm ENE 29.81   86
28   59.2  71.1   1:58pm  48.2   5:47am    7    1  0.01   2  16   1:34pm SSW 29.78   76
29   51.0  57.0  12:00am  43.0  10:27pm   14    0  0.13   3  22   7:45pm WNW 29.86   79
30   46.4  52.2   5:46pm  42.9   2:38am   19    0  0.02   3  19   3:47pm WNW 29.93   76
---------------------------------------------------------------------------------------
TOT  45.8  74.8  4/14/18  25.8   4/6/18  581    4  6.25   2  31   4/4/18 WNW 29.97   69

HEAT BASE: 65.0
COOL BASE: 65.0