NOAA-Style Climate Reports

Select a Year or Month report
2022: Jan Feb Mar Apr May Jun Jul Aug Sep Oct Nov Dec
2021: Jan Feb Mar Apr May Jun Jul Aug Sep Oct Nov Dec
2020: Jan Feb Mar Apr May Jun Jul Aug Sep Oct Nov Dec
2019: Jan Feb Mar Apr May Jun Jul Aug Sep Oct Nov Dec
2018: Jan Feb Mar Apr May Jun Jul Aug Sep Oct Nov Dec
2017: Jan Feb Mar Apr May Jun Jul Aug Sep Oct Nov Dec
2016: Jan Feb Mar Apr May Jun Jul Aug Sep Oct Nov Dec
2015: Jan Feb Mar Apr May Jun Jul Aug Sep Oct Nov Dec
2014: Jan Feb Mar Apr May Jun Jul Aug Sep Oct Nov Dec
2013: Jan Feb Mar Apr May Jun Jul Aug Sep Oct Nov Dec
2012: Jan Feb Mar Apr May Jun Jul Aug Sep Oct Nov Dec
2011: Jan Feb Mar Apr May Jun Jul Aug Sep Oct Nov Dec
2010: Jan Feb Mar Apr May Jun Jul Aug Sep Oct Nov Dec
2009: Jan Feb Mar Apr May Jun Jul Aug Sep Oct Nov Dec

Report for 2018 May
                  MONTHLY CLIMATOLOGICAL SUMMARY FOR 5/2018
                                        HEAT  COOL        
     MEAN                               DEG   DEG       WIND SPEED       DOM MEAN  MEAN
DAY  TEMP  HIGH   TIME     LOW   TIME   DAYS  DAYS RAIN AVG  HI  TIME    DIR BAROM HUM
---------------------------------------------------------------------------------------
1    60.2  76.1   4:00pm  45.3   1:04am    8    3  0.00   2  22   1:55pm WNW 29.99   55
2    75.4  90.3   2:17pm  57.3   3:22am    1   12  0.00   2  24   3:45pm  SW 29.95   35
3    76.0  92.5   2:31pm  62.4   3:26am    0   11  0.08   2  22   3:40pm  SW 29.90   57
4    74.6  83.6   2:57pm  69.8   3:05am    0   10  0.00   2  24  11:41pm SSW 29.82   73
5    68.1  77.4   3:53pm  58.5   6:34am    1    4  0.00   4  29   3:45am WNW 29.97   45
6    59.4  63.2  12:00am  56.3  11:39pm    6    0  0.09   1  16   3:30pm  NE 29.96   82
7    63.4  76.2   4:02pm  52.3   6:16am    4    3  0.01   1  13   9:47am  NE 30.03   69
8    63.6  76.9   2:29pm  50.4   5:52am    5    3  0.00   1  10   3:00pm SSW 30.20   65
9    64.8  81.2   2:16pm  50.0   5:45am    5    4  0.00   0  10   3:17pm SSW 30.11   61
10   61.4  69.4  12:11pm  56.0  12:49am    4    1  0.02   1  13   2:16pm SSW 29.90   81
11   62.7  71.7   3:31pm  54.8   6:26am    4    1  0.00   2  19   9:43am WNW 29.94   55
12   51.0  55.0  12:00am  48.6   8:34pm   14    0  0.10   0  10   7:20pm   N 30.11   78
13   51.3  56.3   4:19pm  46.6   6:44am   14    0  0.00   0   7  12:32am   N 30.13   91
14   60.5  74.0   3:22pm  51.3   5:21am    6    2  0.00   1   9   1:41pm SSW 29.95   81
15   66.2  83.8   3:20pm  59.1   5:58am    3    4  0.80   1  29   5:18pm SSW 29.83   87
16   61.2  69.3  12:49pm  56.5   6:14am    4    1  0.05   0   9   9:57am ENE 30.07   88
17   64.6  77.3   3:40pm  57.4   2:19am    3    3  0.11   0   5   3:33pm WNW 29.99   89
18   62.5  69.0   3:50pm  52.9  11:58pm    3    1  0.00   1  18   8:42am ENE 30.26   59
19   52.9  58.0   6:15pm  47.5   4:20am   12    0  0.37   0   6   7:55am ENE 30.25   83
20   67.5  82.6   4:01pm  56.1   1:01am    2    5  0.04   2  21   4:38pm WNW 29.92   84
21   68.7  81.1   3:43pm  55.8   5:48am    2    5  0.00   1  13   5:24pm WNW 30.11   57
22   59.4  67.6   1:17pm  54.8   5:16am    6    0  0.12   0   5   3:03pm   W 30.08   86
23   70.1  84.2   3:43pm  55.9  12:59am    3    8  0.01   1  17   6:04pm WNW 29.89   65
24   71.4  82.1   3:40pm  58.3  11:58pm    1    7  0.00   1  16  11:49am WNW 30.03   51
25   73.3  89.1   3:11pm  54.0   5:28am    3   11  0.00   1  18   1:10pm  SW 29.88   60
26   80.2  91.8   2:50pm  67.4   1:02am    0   15  0.00   1  15  11:51am WSW 29.77   58
27   61.0  75.8  12:00am  51.1  11:14pm    6    2  0.06   2  17   9:27am ENE 30.04   85
28   59.0  69.7   5:38pm  50.9   4:45am    7    1  0.01   0   9  12:15am  SW 30.04   86
29   74.0  91.3   3:53pm  60.7   4:01am    1   10  0.06   0   7   2:02pm  NE 29.95   75
30   73.1  84.1   2:10pm  62.7  11:57pm    0    8  0.00   0   9   1:54pm SSW 30.09   66
31   67.8  78.5   3:08pm  54.7   5:50am    2    5  0.01   0   9   1:12pm SSW 30.02   82
---------------------------------------------------------------------------------------
TOT  65.3  92.5   5/3/18  45.3   5/1/18  129  139  1.94   1  29   5/5/18  SW 30.01   71

HEAT BASE: 65.0
COOL BASE: 65.0