NOAA-Style Climate Reports

Select a Year or Month report
2022: Jan Feb Mar Apr May Jun Jul Aug Sep Oct Nov Dec
2021: Jan Feb Mar Apr May Jun Jul Aug Sep Oct Nov Dec
2020: Jan Feb Mar Apr May Jun Jul Aug Sep Oct Nov Dec
2019: Jan Feb Mar Apr May Jun Jul Aug Sep Oct Nov Dec
2018: Jan Feb Mar Apr May Jun Jul Aug Sep Oct Nov Dec
2017: Jan Feb Mar Apr May Jun Jul Aug Sep Oct Nov Dec
2016: Jan Feb Mar Apr May Jun Jul Aug Sep Oct Nov Dec
2015: Jan Feb Mar Apr May Jun Jul Aug Sep Oct Nov Dec
2014: Jan Feb Mar Apr May Jun Jul Aug Sep Oct Nov Dec
2013: Jan Feb Mar Apr May Jun Jul Aug Sep Oct Nov Dec
2012: Jan Feb Mar Apr May Jun Jul Aug Sep Oct Nov Dec
2011: Jan Feb Mar Apr May Jun Jul Aug Sep Oct Nov Dec
2010: Jan Feb Mar Apr May Jun Jul Aug Sep Oct Nov Dec
2009: Jan Feb Mar Apr May Jun Jul Aug Sep Oct Nov Dec

Report for 2018 June
                  MONTHLY CLIMATOLOGICAL SUMMARY FOR 6/2018
                                        HEAT  COOL        
     MEAN                               DEG   DEG       WIND SPEED       DOM MEAN  MEAN
DAY  TEMP  HIGH   TIME     LOW   TIME   DAYS  DAYS RAIN AVG  HI  TIME    DIR BAROM HUM
---------------------------------------------------------------------------------------
1    71.2  79.8   6:31pm  66.0   3:58am    0    6  0.05   0   4   5:22pm SSW 29.79   93
2    78.4  88.7   3:53pm  70.0   5:16am    0   13  0.66   1  16  11:54am ENE 29.73   76
3    64.7  73.6   2:33pm  54.8  11:56pm    3    2  0.00   1  16   8:17am ENE 29.98   70
4    54.4  59.5   4:57pm  49.2   8:23am   11    0  0.40   1  12   3:18pm ENE 29.79   90
5    60.4  72.6   2:21pm  51.4   4:45am    5    1  0.01   1  16   3:17pm  SW 29.65   80
6    62.0  72.0  12:31pm  50.8   4:46am    4    1  0.00   0  12  10:15am   W 29.83   73
7    62.4  72.1   3:49pm  52.5   4:51am    4    2  0.00   0  10   4:16pm  SW 30.07   78
8    59.0  84.3   4:13pm  56.3   5:43am    2    8  0.00   0  10   5:00pm   W 30.12   89
9    71.9  79.8   4:01pm  62.3   5:52am    0    7  0.00   1  11   5:06pm WSW 30.06   57
10   67.1  72.8   2:55pm  62.0  11:56pm    1    3  0.00   0   6   2:57pm   W 30.02   61
11   65.2  75.4   4:09pm  57.0   5:34am    3    3  0.00   0  11  10:09am SSW 30.04   60
12   65.6  78.7   1:52pm  51.0   4:33am    4    4  0.05   2  15   3:40pm  SW 30.13   60
13   65.7  71.7   4:10pm  56.9   4:10am    2    3  0.00   0   7  12:51pm  SW 29.87   85
14   72.6  83.5   1:34pm  65.0   5:57am    0    7  0.00   3  22   6:23pm WNW 29.70   64
15   64.5  70.7   5:52pm  57.9  11:58pm    2    1  0.01   1  10   2:27am NNW 29.89   74
16   71.9  86.5   4:10pm  54.2   5:54am    3    9  0.00   1  15   1:28pm   W 29.96   60
17   77.0  91.7   3:38pm  58.9   6:07am    1   12  0.00   0  10   5:32pm   W 30.02   56
18   78.2  93.1   1:45pm  66.7   5:27am    0   13  0.19   1  13   3:56pm SSW 29.87   72
19   78.3  85.8   2:38pm  68.9  11:58pm    0   13  0.01   2  17   8:29am NNW 29.74   63
20   72.8  83.3   3:23pm  59.6   5:43am    0    8  0.00   1  12   3:07pm   W 29.82   61
21   76.9  86.8   3:32pm  67.9   5:38am    0   12  0.00   1  12   1:33pm ENE 29.75   60
22   70.1  79.7   1:30pm  60.2   5:56am    0    5  0.00   1  11   7:34am ENE 29.97   58
23   62.0  65.0   3:58pm  58.6  11:32am    3    0  0.02   0  11   2:10pm ENE 29.89   82
24   68.1  81.1   3:49pm  59.5   2:19am    2    5  0.95   0   9   5:56pm SSW 29.78   90
25   70.8  78.2   3:06pm  62.7  11:58pm    0    6  0.00   1  21  12:38pm  NW 29.94   66
26   68.7  82.3   3:32pm  52.3   6:10am    2    6  0.00   1  10   5:12pm  SW 30.19   58
27   68.9  77.5  11:27am  61.8   5:07am    1    4  0.23   0  13   3:59pm  SW 30.04   78
28   72.7  83.0   2:54pm  65.0  12:00am    0    8  1.62   0   7  11:01am  SW 29.79   93
29   79.5  89.9   4:09pm  66.4   5:54am    0   14  0.00   1  15   1:14pm WNW 29.89   68
30   82.3  94.0   3:34pm  68.3   4:46am    0   17  0.00   0   9   2:45pm WSW 29.98   62
---------------------------------------------------------------------------------------
TOT  65.2  94.0  6/30/18  49.2   6/4/18   52  194  4.20   1  22  6/14/18  SW 29.85   79

HEAT BASE: 65.0
COOL BASE: 65.0