NOAA-Style Climate Reports

Select a Year or Month report
2022: Jan Feb Mar Apr May Jun Jul Aug Sep Oct Nov Dec
2021: Jan Feb Mar Apr May Jun Jul Aug Sep Oct Nov Dec
2020: Jan Feb Mar Apr May Jun Jul Aug Sep Oct Nov Dec
2019: Jan Feb Mar Apr May Jun Jul Aug Sep Oct Nov Dec
2018: Jan Feb Mar Apr May Jun Jul Aug Sep Oct Nov Dec
2017: Jan Feb Mar Apr May Jun Jul Aug Sep Oct Nov Dec
2016: Jan Feb Mar Apr May Jun Jul Aug Sep Oct Nov Dec
2015: Jan Feb Mar Apr May Jun Jul Aug Sep Oct Nov Dec
2014: Jan Feb Mar Apr May Jun Jul Aug Sep Oct Nov Dec
2013: Jan Feb Mar Apr May Jun Jul Aug Sep Oct Nov Dec
2012: Jan Feb Mar Apr May Jun Jul Aug Sep Oct Nov Dec
2011: Jan Feb Mar Apr May Jun Jul Aug Sep Oct Nov Dec
2010: Jan Feb Mar Apr May Jun Jul Aug Sep Oct Nov Dec
2009: Jan Feb Mar Apr May Jun Jul Aug Sep Oct Nov Dec

Report for 2018 July
                  MONTHLY CLIMATOLOGICAL SUMMARY FOR 7/2018
                                        HEAT  COOL        
     MEAN                               DEG   DEG       WIND SPEED       DOM MEAN  MEAN
DAY  TEMP  HIGH   TIME     LOW   TIME   DAYS  DAYS RAIN AVG  HI  TIME    DIR BAROM HUM
---------------------------------------------------------------------------------------
1    85.8 100.1   3:50pm  71.5   5:51am    0   20  0.00   0   9  12:23pm   W 29.96   68
2    85.2  94.9   2:41pm  75.4   5:38am    0   20  0.00   1  12   3:59pm SSW 30.03   71
3    81.4  94.8   3:33pm  74.2   3:14am    0   16  0.51   0  12   5:17pm WSW 30.12   85
4    83.5  94.2   3:35pm  74.2   4:33am    0   18  0.00   0   9  11:21am ENE 30.24   79
5    82.6  92.3   2:16pm  74.0   5:34am    0   17  0.00   1  11  11:32am  SW 30.20   77
6    78.7  83.9   2:39pm  67.0  11:59pm    0   13  0.05   1  17   3:26pm WNW 29.99   76
7    70.1  80.1   4:08pm  56.6   5:49am    1    6  0.00   1  13   2:07pm ENE 30.27   54
8    73.1  86.6   3:36pm  57.3   5:45am    1    9  0.00   0   7   1:12pm  NE 30.29   61
9    77.6  92.1   3:48pm  61.6   5:32am    0   13  0.00   0  12   4:29pm WSW 30.12   63
10   81.5  94.7   3:51pm  65.2   5:47am    0   16  0.00   0  12   3:54pm   W 29.88   58
11   77.5  85.4   2:40pm  69.8   6:10am    0   12  0.00   1  14   9:07am ENE 29.91   66
12   74.6  84.2   2:50pm  62.0   6:29am    0   10  0.00   1  12  12:52pm ENE 30.14   52
13   75.9  88.3   1:32pm  63.6   5:39am    0   11  0.00   0   9   1:26pm  SW 30.17   66
14   75.3  86.7   2:02pm  65.9   5:21am    0   10  0.05   0  11   4:12pm  SW 30.07   77
15   78.8  87.9   1:23pm  70.8   5:47am    0   13  0.03   0  12   1:18pm   W 29.93   82
16   81.0  94.3   2:34pm  70.7   5:55am    0   16  0.12   0   9   7:04pm WSW 29.91   79
17   76.8  89.1  12:38pm  70.7  11:59pm    0   12  2.51   0  13   2:45pm  SW 29.80   88
18   74.3  83.8   3:23pm  65.5   6:18am    0    9  0.00   1  17   3:31pm  NW 29.85   69
19   72.5  84.4   3:24pm  58.2   5:46am    1    8  0.00   0   9   1:02pm   W 30.04   57
20   74.4  87.3   3:39pm  60.4   6:25am    1   10  0.00   0   9   2:12pm  SW 30.12   64
21   72.0  81.1   3:05pm  61.2   5:47am    0    7  0.00   1  14  11:44pm ENE 30.07   69
22   73.6  83.3   3:31pm  66.5   4:11am    0    8  1.72   1  15   3:20am ENE 29.98   87
23   77.1  83.0   4:17pm  73.3  12:00am    0   12  0.13   0  14   4:29pm   S 30.12   91
24   79.1  86.3   2:51pm  74.3   6:02am    0   14  0.04   1  10   4:28pm   S 30.18   83
25   75.8  79.1   3:03pm  72.9  11:44pm    0   11  0.27   0  14  11:32am SSW 29.99   92
26   76.3  85.6   2:53pm  71.9   5:06am    0   11  0.54   0  12   3:21pm WSW 29.83   89
27   77.0  90.7   2:58pm  70.0  11:58pm    0   12  0.32   0  15   9:00pm  SW 29.94   85
28   76.5  88.2   2:14pm  67.1   6:04am    0   11  0.02   0  19   5:17pm WSW 29.95   80
29   75.2  83.1   3:40pm  67.3   6:30am    0   10  0.00   1  11  11:32am   W 30.02   71
30   73.5  83.5   2:08pm  63.0   5:51am    0    8  0.00   0   5  12:56pm   W 30.11   74
31   75.5  86.5   2:58pm  64.5   5:43am    0   10  0.00   0   9   3:59pm  SW 30.09   75
---------------------------------------------------------------------------------------
TOT  77.2 100.1   7/1/18  56.6   7/7/18    5  375  6.31   0  17   7/6/18 WSW 30.04   74

HEAT BASE: 65.0
COOL BASE: 65.0