NOAA-Style Climate Reports

Select a Year or Month report
2022: Jan Feb Mar Apr May Jun Jul Aug Sep Oct Nov Dec
2021: Jan Feb Mar Apr May Jun Jul Aug Sep Oct Nov Dec
2020: Jan Feb Mar Apr May Jun Jul Aug Sep Oct Nov Dec
2019: Jan Feb Mar Apr May Jun Jul Aug Sep Oct Nov Dec
2018: Jan Feb Mar Apr May Jun Jul Aug Sep Oct Nov Dec
2017: Jan Feb Mar Apr May Jun Jul Aug Sep Oct Nov Dec
2016: Jan Feb Mar Apr May Jun Jul Aug Sep Oct Nov Dec
2015: Jan Feb Mar Apr May Jun Jul Aug Sep Oct Nov Dec
2014: Jan Feb Mar Apr May Jun Jul Aug Sep Oct Nov Dec
2013: Jan Feb Mar Apr May Jun Jul Aug Sep Oct Nov Dec
2012: Jan Feb Mar Apr May Jun Jul Aug Sep Oct Nov Dec
2011: Jan Feb Mar Apr May Jun Jul Aug Sep Oct Nov Dec
2010: Jan Feb Mar Apr May Jun Jul Aug Sep Oct Nov Dec
2009: Jan Feb Mar Apr May Jun Jul Aug Sep Oct Nov Dec

Report for 2018 August
                  MONTHLY CLIMATOLOGICAL SUMMARY FOR 8/2018
                                        HEAT  COOL        
     MEAN                               DEG   DEG       WIND SPEED       DOM MEAN  MEAN
DAY  TEMP  HIGH   TIME     LOW   TIME   DAYS  DAYS RAIN AVG  HI  TIME    DIR BAROM HUM
---------------------------------------------------------------------------------------
1    75.4  83.3   2:56pm  69.3   2:11am    0   10  0.05   0  11   5:12pm  SW 30.03   88
2    80.8  92.3   1:41pm  74.6   9:49pm    0   15  0.60   0  13   4:39pm WSW 30.04   82
3    79.3  88.8   3:01pm  73.9   2:53am    0   14  0.01   0  13   4:21pm SSW 30.10   85
4    76.1  81.7   6:28pm  72.1   9:14am    0   11  1.22   0   7   8:29am WSW 30.05   91
5    80.5  92.1   3:57pm  67.5   6:22am    0   15  0.00   1  10   2:23pm   W 30.09   73
6    82.7  94.8   2:51pm  70.5   6:03am    0   17  0.00   0   5   1:54pm WSW 30.02   74
7    81.2  92.7   2:00pm  73.6   6:08am    0   16  0.14   0  24   4:54pm WSW 29.91   82
8    79.4  92.3   3:03pm  72.0   6:08am    0   14  0.28   0   7  11:01am WSW 29.84   85
9    78.2  88.9   3:52pm  72.0  11:45pm    0   13  0.34   1  15   5:23pm WNW 29.75   79
10   78.1  89.7   3:00pm  67.2   6:12am    0   13  0.00   0  11   9:09am WNW 29.84   72
11   69.8  75.4  12:00am  66.5   8:00am    0    5  0.41   0   5   1:30am ENE 29.94   94
12   73.3  82.5   3:30pm  68.2   7:00am    0    8  0.03   0  12   2:30pm  NE 30.02   91
13   71.8  75.0  12:23pm  70.5   5:00am    0    7  0.78   1  11   2:30pm  NE 29.98   94
14   75.8  85.7   3:30pm  70.1  10:45am    0   11  1.18   0  20  10:28am  NE 29.83   88
15   78.1  88.5   3:00pm  68.9   6:00am    0   13  0.00   1  18   4:30pm   W 29.84   78
16   79.4  90.0   3:30pm  71.1   6:00am    0   10  0.00   1  12   1:30pm   W 29.97   78
17   80.4  90.0   3:30pm  70.6   6:18am    0   22  0.24   1  21  11:16pm SSW 29.97   78
18   74.6  85.5   3:13pm  69.6  11:58pm    0    9  0.21   0  17   3:36pm  SW 29.80   93
19   71.1  78.3   3:44pm  66.1   5:05am    0    6  0.01   2  16   6:01pm ENE 29.97   75
20   71.2  79.3   4:10pm  65.6  11:58pm    0    6  0.00   1  12  12:08pm ENE 30.11   75
21   69.4  79.1   4:05pm  59.8   5:57am    1    5  0.00   0  10   2:12pm  SW 30.05   81
22   73.9  83.8   1:43pm  68.0   5:11am    0    9  0.10   1  19   2:32pm   W 29.70   83
23   70.7  78.8   4:02pm  64.0  11:58pm    0    6  0.01   2  16   1:48pm   W 29.90   66
24   71.9  87.2   3:34pm  58.1   6:28am    1    8  0.00   0   9   3:10pm WSW 30.15   70
25   71.4  81.7   1:30pm  62.4   6:30am    0    7  0.00   0   9   5:00pm  SW 30.23   75
26   72.0  85.5   3:00pm  59.8   6:30am    1    8  0.00   0  10  11:00am  SW 30.09   80
27   79.0  89.5   2:30pm  70.5   6:30am    0   14  0.00   0  11  11:30am   W 30.01   78
28
29
30
31
---------------------------------------------------------------------------------------
TOT   0.0  67.5   9/1/18  67.5   9/1/18    4  293  0.00   0   0   9/1/18 ---  0.00    0

HEAT BASE: 65.0
COOL BASE: 65.0